{"id":2518,"date":"2020-03-07T21:19:10","date_gmt":"2020-03-07T20:19:10","guid":{"rendered":"https:\/\/www.vakisk.hu\/?page_id=2518"},"modified":"2020-03-07T21:19:10","modified_gmt":"2020-03-07T20:19:10","slug":"jakso-laszlo-dr-1923-2002","status":"publish","type":"page","link":"https:\/\/www.vakisk.hu\/?page_id=2518","title":{"rendered":"J\u00e1ks\u00f3 L\u00e1szl\u00f3 dr. (1923-2002)"},"content":{"rendered":"\n<p><strong>dr. J\u00e1ks\u00f3 L\u00e1szl\u00f3 <\/strong>1923. \u00e1prilis 14-\u00e9n sz\u00fcletett Mak\u00f3n. H\u00e9t\u00e9ves volt, amikor l\u00e1t\u00e1s\u00e1t elvesz\u00edtette. A f\u0151v\u00e1rosban, a vakok iskol\u00e1j\u00e1ban fejezte be elemi iskolai tanulm\u00e1nyait kit\u0171n\u0151 eredm\u00e9nnyel. Bizony\u00edtv\u00e1nya mell\u00e9 egy k\u00e1ntori oklevelet is szerzett. Visszat\u00e9rt sz\u00fcl\u0151v\u00e1ros\u00e1ba \u00e9s hamarosan munk\u00e1ba \u00e1llt: a Szervit\u00e1k templom\u00e1ban helyezkedett el k\u00e1ntork\u00e9nt.<\/p>\n\n\n\n<p>A II. vil\u00e1gh\u00e1bor\u00fa ut\u00e1n mag\u00e1n\u00faton Szegeden le\u00e9retts\u00e9gizett, \u00e9s 1948-ban v\u00e9g\u00e9rv\u00e9nyesen a Tisza parti v\u00e1rosba k\u00f6lt\u00f6z\u00f6tt. Hamarosan a Szegedi Vakok Int\u00e9zet\u00e9nek igazgat\u00f3 helyettese lett. Az int\u00e9zet \u00e1llamos\u00edt\u00e1sa ut\u00e1n az ott \u00e9l\u0151 l\u00e1t\u00e1ss\u00e9r\u00fcltek foglalkoztat\u00e1s\u00e1t megsz\u00fcntett\u00e9k, \u00e9s az\u00f3ta is csak szoci\u00e1lis otthonk\u00e9nt m\u0171k\u00f6dik.<\/p>\n\n\n\n<p>1949-ben els\u0151k\u00e9nt alakult meg a Vakok Sz\u00f6vets\u00e9ge D\u00e9l-Magyarorsz\u00e1gi Szervezete, melynek hossz\u00fa id\u0151n \u00e1t dr. J\u00e1ks\u00f3 L\u00e1szl\u00f3 volt a titk\u00e1ra. Idetartozott m\u00e9g B\u00e9k\u00e9s \u00e9s B\u00e1cs-Kiskun megye is. A k\u00e9s\u0151bbiekben a h\u00e1rom megye \u00f6n\u00e1ll\u00f3sult.<\/p>\n\n\n\n<p>Dr. J\u00e1ks\u00f3 nem tudott belenyugodni abba, hogy Szegeden nincsen vakokat foglalkoztat\u00f3 munkahely. Keresett \u00e9s tal\u00e1lt j\u00f3 sz\u00e1nd\u00e9k\u00fa szakembereket, \u00e9s \u00f6sszefog\u00e1suk eredm\u00e9nyre vezetett. A Vakok Sz\u00f6vets\u00e9ge, a K\u00f6nny\u0171ipari Miniszt\u00e9rium \u00e9s Szeged Megyei Jog\u00fa Tan\u00e1cs\u00e1nak Ipari Oszt\u00e1lya egyet\u00e9rt\u00e9s\u00e9vel 1953. j\u00falius\u00e1ban megalakult a Szegedi Fonalment\u0151 V\u00e1llalat, melynek igazgat\u00f3ja dr. J\u00e1ks\u00f3 L\u00e1szl\u00f3 lett. A v\u00e1llalatot 35 \u00e9ven \u00e1t vezette, 1988-ban t\u00f6rt\u00e9nt nyugalomba vonul\u00e1s\u00e1ig.<\/p>\n\n\n\n<p>A Fonalment\u0151 V\u00e1llalatn\u00e1l 1953-ban, 30-40 f\u0151vel elkezd\u0151d\u00f6tt a munka. T\u00edz \u00e9vvel k\u00e9s\u0151bb m\u00e1r t\u00f6bb sz\u00e1zra n\u00f6vekedett a l\u00e9tsz\u00e1m. A k\u00e9s\u0151bbiekben kib\u0151v\u00fclt munkalehet\u0151s\u00e9ggel Fonalfeldolgoz\u00f3 V\u00e1llalat n\u00e9ven \u00fczemelt. A  v\u00e1llalatnak (ma Rt.) Szentesen \u00e9s Mak\u00f3n is van kihelyezett r\u00e9szlege.<\/p>\n\n\n\n<p>Dr. J\u00e1ks\u00f3 arra t\u00f6rekedett, hogy a munk\u00e1ra alkalmas l\u00e1t\u00e1ss\u00e9r\u00fcltek \u00e9s m\u00e1s fogyat\u00e9kkal \u00e9l\u0151k kereseti lehet\u0151s\u00e9ghez jussanak. Arra is gondot ford\u00edtott, hogy a v\u00e1llalat a sz\u00f6vets\u00e9ggel, az int\u00e9zettel, az \u00e1llami \u00e9s a t\u00e1rsadalmi szervekkel j\u00f3 kapcsolatot alak\u00edtson ki.<\/p>\n\n\n\n<p>Az &#8217;50-es \u00e9vek v\u00e9g\u00e9n Csongr\u00e1d megy\u00e9ben is megn\u0151tt a sz\u00f6vets\u00e9g  tagl\u00e9tsz\u00e1ma, ez\u00e9rt sz\u00fcks\u00e9gess\u00e9 v\u00e1lt a k\u00f6rzeti csoportok megalak\u00edt\u00e1sa. Dr. J\u00e1ks\u00f3 L\u00e1szl\u00f3 els\u0151k\u00e9nt Szentesen, majd Mak\u00f3n \u00e9s H\u00f3dmez\u0151v\u00e1s\u00e1rhelyen, s v\u00e9g\u00fcl Csongr\u00e1don szervezett k\u00f6rzeti csoportot. Sokr\u00e9t\u0171 elfoglalts\u00e1ga miatt 1960-ban a titk\u00e1ri funkci\u00f3j\u00e1r\u00f3l lemondott, hely\u00e9be Suti Lajos l\u00e9pett. Ugyanebben az \u00e9vben a Csongr\u00e1d Megyei Szervezet eln\u00f6k\u00e9v\u00e9 v\u00e1lasztott\u00e1k, mely tiszts\u00e9get 1997-ig t\u00f6lt\u00f6tte be. K\u00f6zben, 1983-88 k\u00f6z\u00f6tt dr. J\u00e1ks\u00f3 L\u00e1szl\u00f3 a Magyar Vakok \u00e9s Gyeng\u00e9nl\u00e1t\u00f3k Orsz\u00e1gos Sz\u00f6vets\u00e9ge eln\u00f6ki teend\u0151it is ell\u00e1tta.<\/p>\n\n\n\n<p>Dr. J\u00e1ks\u00f3 sz\u00ednes \u00e9letutat j\u00e1rt be. \u00c9retts\u00e9gi ut\u00e1n a Zeneakad\u00e9mia zongora szak\u00e1ra j\u00e1rt, k\u00e9s\u0151bb zen\u00e9t tan\u00edtott. 1962-t\u0151l (\u00f6t \u00e9v helyett h\u00e1rom \u00e9v alatt) diplom\u00e1t szerzett a Szegedi Egyetem Jogtudom\u00e1nyi Kar\u00e1n. Rajongott az irodalom\u00e9rt is, kedvenc k\u00f6lt\u0151i k\u00f6z\u00e9 tartozott T\u00f3th \u00c1rp\u00e1d, Babits Mih\u00e1ly, Ady Endre \u00e9s Juh\u00e1sz Gyula.<\/p>\n\n\n\n<p>Munk\u00e1j\u00e1hoz, id\u0151nk\u00e9nti kem\u00e9ny csat\u00e1j\u00e1hoz a feles\u00e9g\u00e9t\u0151l is seg\u00edts\u00e9get, sok-sok b\u00e1tor\u00edt\u00e1st kapott. Egy fiuk sz\u00fcletett, akit nagy gonddal \u00e9s szeretettel neveltek.<\/p>\n\n\n\n<p>Dr. J\u00e1ks\u00f3 L\u00e1szl\u00f3 sz\u00ednes egy\u00e9nis\u00e9g volt, aki er\u0151s akarattal k\u00fczd\u00f6tt a c\u00e9ljai el\u00e9r\u00e9s\u00e9\u00e9rt. Valamennyi\u00fcnknek, fiatalnak \u00e9s id\u0151snek egyar\u00e1nt p\u00e9ldak\u00e9pe lehet.<\/p>\n\n\n\n<p>Farkas M\u00e1ty\u00e1s, Vakok Vil\u00e1ga, 2002 szeptember.<\/p>\n","protected":false},"excerpt":{"rendered":"<p> <a class=\"continue-reading-link\" href=\"https:\/\/www.vakisk.hu\/?page_id=2518\">Tov\u00e1bb <span class=\"meta-nav\">&rarr; <\/span><\/a><\/p>\n","protected":false},"author":1,"featured_media":0,"parent":2482,"menu_order":0,"comment_status":"open","ping_status":"closed","template":"","meta":{"footnotes":""},"class_list":["post-2518","page","type-page","status-publish","hentry"],"_links":{"self":[{"href":"https:\/\/www.vakisk.hu\/index.php?rest_route=\/wp\/v2\/pages\/2518","targetHints":{"allow":["GET"]}}],"collection":[{"href":"https:\/\/www.vakisk.hu\/index.php?rest_route=\/wp\/v2\/pages"}],"about":[{"href":"https:\/\/www.vakisk.hu\/index.php?rest_route=\/wp\/v2\/types\/page"}],"author":[{"embeddable":true,"href":"https:\/\/www.vakisk.hu\/index.php?rest_route=\/wp\/v2\/users\/1"}],"replies":[{"embeddable":true,"href":"https:\/\/www.vakisk.hu\/index.php?rest_route=%2Fwp%2Fv2%2Fcomments&post=2518"}],"version-history":[{"count":0,"href":"https:\/\/www.vakisk.hu\/index.php?rest_route=\/wp\/v2\/pages\/2518\/revisions"}],"up":[{"embeddable":true,"href":"https:\/\/www.vakisk.hu\/index.php?rest_route=\/wp\/v2\/pages\/2482"}],"wp:attachment":[{"href":"https:\/\/www.vakisk.hu\/index.php?rest_route=%2Fwp%2Fv2%2Fmedia&parent=2518"}],"curies":[{"name":"wp","href":"https:\/\/api.w.org\/{rel}","templated":true}]}}

Jáksó László dr. (1923-2002)

<p><strong>dr. Jáksó László </strong>1923. április 14-én született Makón. Hétéves volt, amikor látását elveszítette. A fővárosban, a vakok iskolájában fejezte be elemi iskolai tanulmányait kitűnő eredménnyel. Bizonyítványa mellé egy kántori oklevelet is szerzett. Visszatért szülővárosába és hamarosan munkába állt: a Szerviták templomában helyezkedett el kántorként.</p>



<p>A II. világháború után magánúton Szegeden leérettségizett, és 1948-ban végérvényesen a Tisza parti városba költözött. Hamarosan a Szegedi Vakok Intézetének igazgató helyettese lett. Az intézet államosítása után az ott élő látássérültek foglalkoztatását megszüntették, és azóta is csak szociális otthonként működik.</p>



<p>1949-ben elsőként alakult meg a Vakok Szövetsége Dél-Magyarországi Szervezete, melynek hosszú időn át dr. Jáksó László volt a titkára. Idetartozott még Békés és Bács-Kiskun megye is. A későbbiekben a három megye önállósult.</p>



<p>Dr. Jáksó nem tudott belenyugodni abba, hogy Szegeden nincsen vakokat foglalkoztató munkahely. Keresett és talált jó szándékú szakembereket, és összefogásuk eredményre vezetett. A Vakok Szövetsége, a Könnyűipari Minisztérium és Szeged Megyei Jogú Tanácsának Ipari Osztálya egyetértésével 1953. júliusában megalakult a Szegedi Fonalmentő Vállalat, melynek igazgatója dr. Jáksó László lett. A vállalatot 35 éven át vezette, 1988-ban történt nyugalomba vonulásáig.</p>



<p>A Fonalmentő Vállalatnál 1953-ban, 30-40 fővel elkezdődött a munka. Tíz évvel később már több százra növekedett a létszám. A későbbiekben kibővült munkalehetőséggel Fonalfeldolgozó Vállalat néven üzemelt. A  vállalatnak (ma Rt.) Szentesen és Makón is van kihelyezett részlege.</p>



<p>Dr. Jáksó arra törekedett, hogy a munkára alkalmas látássérültek és más fogyatékkal élők kereseti lehetőséghez jussanak. Arra is gondot fordított, hogy a vállalat a szövetséggel, az intézettel, az állami és a társadalmi szervekkel jó kapcsolatot alakítson ki.</p>



<p>Az &#8217;50-es évek végén Csongrád megyében is megnőtt a szövetség  taglétszáma, ezért szükségessé vált a körzeti csoportok megalakítása. Dr. Jáksó László elsőként Szentesen, majd Makón és Hódmezővásárhelyen, s végül Csongrádon szervezett körzeti csoportot. Sokrétű elfoglaltsága miatt 1960-ban a titkári funkciójáról lemondott, helyébe Suti Lajos lépett. Ugyanebben az évben a Csongrád Megyei Szervezet elnökévé választották, mely tisztséget 1997-ig töltötte be. Közben, 1983-88 között dr. Jáksó László a Magyar Vakok és Gyengénlátók Országos Szövetsége elnöki teendőit is ellátta.</p>



<p>Dr. Jáksó színes életutat járt be. Érettségi után a Zeneakadémia zongora szakára járt, később zenét tanított. 1962-től (öt év helyett három év alatt) diplomát szerzett a Szegedi Egyetem Jogtudományi Karán. Rajongott az irodalomért is, kedvenc költői közé tartozott Tóth Árpád, Babits Mihály, Ady Endre és Juhász Gyula.</p>



<p>Munkájához, időnkénti kemény csatájához a feleségétől is segítséget, sok-sok bátorítást kapott. Egy fiuk született, akit nagy gonddal és szeretettel neveltek.</p>



<p>Dr. Jáksó László színes egyéniség volt, aki erős akarattal küzdött a céljai eléréséért. Valamennyiünknek, fiatalnak és idősnek egyaránt példaképe lehet.</p>



<p>Farkas Mátyás, Vakok Világa, 2002 szeptember.</p>

<p> <a class="continue-reading-link" href="https://www.vakisk.hu/?page_id=2518">Tovább <span class="meta-nav">&rarr; </span></a></p>
