{"id":2533,"date":"2020-03-09T17:46:48","date_gmt":"2020-03-09T16:46:48","guid":{"rendered":"https:\/\/www.vakisk.hu\/?page_id=2533"},"modified":"2020-03-09T17:51:19","modified_gmt":"2020-03-09T16:51:19","slug":"kirner-gusztav","status":"publish","type":"page","link":"https:\/\/www.vakisk.hu\/?page_id=2533","title":{"rendered":"Kirner Guszt\u00e1v"},"content":{"rendered":"\n<p>Kirner Guszt\u00e1v nyolc\u00e9ves kor\u00e1ban egy baleset k\u00f6vetkezt\u00e9ben gyeng\u00e9nl\u00e1t\u00f3v\u00e1  v\u00e1lt, \u00e9s ez\u00e9rt Budapesten a vakok iskol\u00e1j\u00e1ba ker\u00fclt, amelynek 1957-ig  volt a tanul\u00f3ja. Ott tal\u00e1lkozott el\u0151sz\u00f6r a zen\u00e9vel. Val\u00f3sz\u00edn\u0171leg a sz\u00e9p  hang\u00fa \u00e9desanyj\u00e1t\u00f3l \u00f6r\u00f6k\u00f6lte a zenei hajlamot, a zene szeretet\u00e9t.<\/p>\n\n\n\n<p>Heged\u00fclni tan\u00edtotta Berind\u00e1n L\u00e1szl\u00f3, a kiv\u00e1l\u00f3 zenetan\u00e1r, zenekarvezet\u0151, sz\u00e1mos hangszer remek j\u00e1t\u00e9kosa. Zongor\u00e1zni Bocskai Imre tan\u00e1rt\u00f3l tanult. Mindk\u00e9t oktat\u00f3ja zenetan\u00e1rk\u00e9nt dolgozott a vakok iskol\u00e1j\u00e1ban. Guszt\u00e1v olyan kiv\u00e1l\u00f3an heged\u00fclt, hogy az iskola utols\u00f3 \u00e9veiben m\u00e1r a vakok sz\u00f6vets\u00e9g\u00e9nek feln\u0151tt zenekar\u00e1ban a heged\u0171sz\u00f3lamban j\u00e1tszhatott. A vakok iskol\u00e1j\u00e1nak ifj\u00fas\u00e1gi zenekara sikeresen vett r\u00e9szt annak idej\u00e9n a l\u00e1t\u00f3k iskol\u00e1inak zenei verseny\u00e9n.<\/p>\n\n\n\n<p>1953-ban egy sikeres szemm\u0171t\u00e9t ut\u00e1n annyira megjavult a l\u00e1t\u00e1sa, hogy el tudta olvasni a s\u00edk\u00edr\u00e1st. Akkor megtanult kott\u00e1t m\u00e1solni s\u00edk\u00edr\u00e1sb\u00f3l Braille-\u00edr\u00e1sba.<\/p>\n\n\n\n<p>Az \u00e1ltal\u00e1nos iskola befejez\u00e9se ut\u00e1n beiratkozott a k\u0151b\u00e1nyai zeneiskol\u00e1ba, \u00e9s ott klarin\u00e9tozni, szaxofonozni \u00e9s harmonik\u00e1zni is megtanult.<\/p>\n\n\n\n<p>A Vakok sz\u00f6vets\u00e9g\u00e9nek zenekara m\u00e1r az 50-es \u00e9vek legelej\u00e9t\u0151l m\u0171k\u00f6d\u00f6tt Berind\u00e1n L\u00e1szl\u00f3 ir\u00e1ny\u00edt\u00e1s\u00e1val. Akkoriban nagyon sok hangversenyt tartott, ak\u00e1rcsak a Hom\u00e9rosz k\u00f3rus. Eml\u00e9kezetes esem\u00e9ny volt, amikor a k\u00e9t egy\u00fcttes orsz\u00e1gunkban az \u0151sbemutat\u00f3t k\u00f6vet\u0151en els\u0151k\u00e9nt sz\u00f3laltatta meg Kod\u00e1ly Zolt\u00e1n K\u00e1llai kett\u0151s c\u00edm\u0171 m\u0171v\u00e9t a Zeneakad\u00e9mi\u00e1n.<\/p>\n\n\n\n<p>Kirner Guszt\u00e1v az 1950-es \u00e9vek k\u00f6zep\u00e9t\u0151l tagja volt sz\u00f6vets\u00e9g\u00fcnk zenekar\u00e1nak az 1980-as \u00e9vek v\u00e9g\u00e9ig, a zenekar megsz\u0171nt\u00e9ig.<\/p>\n\n\n\n<p>K\u00f6zben 1958 \u00e9s 2003 k\u00f6z\u00f6tt telefonalk\u00f6zpont-kezel\u0151k\u00e9nt t\u00f6bb helyen is dolgozott. A napi munk\u00e1ja mellett a K\u00f6lcsey Gimn\u00e1zium levelez\u0151 tagozat\u00e1n \u00e9retts\u00e9gizett 1965-ben.<\/p>\n\n\n\n<p>Ma is szeretettel \u00e9s tisztelettel emlegeti egykori tan\u00e1rait. A vakok iskol\u00e1j\u00e1b\u00f3l a m\u00e1r eml\u00edtetteken k\u00edv\u00fcl G\u00e1bor J\u00f3zsefet \u00e9s Ver\u00e9nd J\u00f3zsefet, a gimn\u00e1ziumb\u00f3l pedig Lada \u00c9va magyartan\u00e1rn\u0151t.<\/p>\n\n\n\n<p>A napi munk\u00e1ja ut\u00e1n alkalmank\u00e9nt helyettes\u00edtette egy-egy t\u00e1rs\u00e1t a sz\u00f3rakoztat\u00f3 zen\u00e9szek k\u00f6z\u00f6tt is. A sz\u00f6vets\u00e9g zenekar\u00e1nak megsz\u00fcntet\u00e9se ut\u00e1n m\u00e9g j\u00e1tszott n\u00e9h\u00e1ny zenekarban.<br \/>(\u2026)<br \/>Olvasni is mindig szeretett, m\u00e9g verselt is.<\/p>\n\n\n\n<p>Munk\u00e1j\u00e1t a Vakok Sz\u00f6vets\u00e9g\u00e9nek vezet\u0151s\u00e9ge k\u00e9t alkalommal is Braille-\u00e9remmel ismerte el.<\/p>\n\n\n\n<p>A zene \u00e1ltal nagyon sok emberrel ker\u00fclt kapcsolatba. A zene a l\u00e1t\u00e1ss\u00e9r\u00fclt embereknek val\u00f3j\u00e1ban egy igazi es\u00e9lyegyenl\u0151s\u00e9get jelent.<\/p>\n\n\n\n<p>Kirner Guszt\u00e1v annak a korszaknak a gyermeke, amelyben a l\u00e1t\u00e1ss\u00e9r\u00fclt emberek k\u00f6z\u00f6tt sz\u00e1mos olyan kit\u0171n\u0151 muzsikus akadt, akik munk\u00e1juk r\u00e9v\u00e9n szervesen kapcsol\u00f3dtak a l\u00e1t\u00f3 zen\u00e9szek t\u00e1rsadalm\u00e1hoz \u00e9s a l\u00e1t\u00f3k vil\u00e1g\u00e1hoz.<\/p>\n\n\n\n<p>Lak Istv\u00e1n cikk\u00e9nek alapj\u00e1n, amely megjelent a Vakok Vil\u00e1ga, 2009 febru\u00e1ri sz\u00e1m\u00e1ban.<\/p>\n","protected":false},"excerpt":{"rendered":"<p> <a class=\"continue-reading-link\" href=\"https:\/\/www.vakisk.hu\/?page_id=2533\">Tov\u00e1bb <span class=\"meta-nav\">&rarr; <\/span><\/a><\/p>\n","protected":false},"author":1,"featured_media":0,"parent":2482,"menu_order":0,"comment_status":"open","ping_status":"closed","template":"","meta":{"footnotes":""},"class_list":["post-2533","page","type-page","status-publish","hentry"],"_links":{"self":[{"href":"https:\/\/www.vakisk.hu\/index.php?rest_route=\/wp\/v2\/pages\/2533","targetHints":{"allow":["GET"]}}],"collection":[{"href":"https:\/\/www.vakisk.hu\/index.php?rest_route=\/wp\/v2\/pages"}],"about":[{"href":"https:\/\/www.vakisk.hu\/index.php?rest_route=\/wp\/v2\/types\/page"}],"author":[{"embeddable":true,"href":"https:\/\/www.vakisk.hu\/index.php?rest_route=\/wp\/v2\/users\/1"}],"replies":[{"embeddable":true,"href":"https:\/\/www.vakisk.hu\/index.php?rest_route=%2Fwp%2Fv2%2Fcomments&post=2533"}],"version-history":[{"count":0,"href":"https:\/\/www.vakisk.hu\/index.php?rest_route=\/wp\/v2\/pages\/2533\/revisions"}],"up":[{"embeddable":true,"href":"https:\/\/www.vakisk.hu\/index.php?rest_route=\/wp\/v2\/pages\/2482"}],"wp:attachment":[{"href":"https:\/\/www.vakisk.hu\/index.php?rest_route=%2Fwp%2Fv2%2Fmedia&parent=2533"}],"curies":[{"name":"wp","href":"https:\/\/api.w.org\/{rel}","templated":true}]}}

Kirner Gusztáv

<p>Kirner Gusztáv nyolcéves korában egy baleset következtében gyengénlátóvá  vált, és ezért Budapesten a vakok iskolájába került, amelynek 1957-ig  volt a tanulója. Ott találkozott először a zenével. Valószínűleg a szép  hangú édesanyjától örökölte a zenei hajlamot, a zene szeretetét.</p>



<p>Hegedülni tanította Berindán László, a kiváló zenetanár, zenekarvezető, számos hangszer remek játékosa. Zongorázni Bocskai Imre tanártól tanult. Mindkét oktatója zenetanárként dolgozott a vakok iskolájában. Gusztáv olyan kiválóan hegedült, hogy az iskola utolsó éveiben már a vakok szövetségének felnőtt zenekarában a hegedűszólamban játszhatott. A vakok iskolájának ifjúsági zenekara sikeresen vett részt annak idején a látók iskoláinak zenei versenyén.</p>



<p>1953-ban egy sikeres szemműtét után annyira megjavult a látása, hogy el tudta olvasni a síkírást. Akkor megtanult kottát másolni síkírásból Braille-írásba.</p>



<p>Az általános iskola befejezése után beiratkozott a kőbányai zeneiskolába, és ott klarinétozni, szaxofonozni és harmonikázni is megtanult.</p>



<p>A Vakok szövetségének zenekara már az 50-es évek legelejétől működött Berindán László irányításával. Akkoriban nagyon sok hangversenyt tartott, akárcsak a Homérosz kórus. Emlékezetes esemény volt, amikor a két együttes országunkban az ősbemutatót követően elsőként szólaltatta meg Kodály Zoltán Kállai kettős című művét a Zeneakadémián.</p>



<p>Kirner Gusztáv az 1950-es évek közepétől tagja volt szövetségünk zenekarának az 1980-as évek végéig, a zenekar megszűntéig.</p>



<p>Közben 1958 és 2003 között telefonalközpont-kezelőként több helyen is dolgozott. A napi munkája mellett a Kölcsey Gimnázium levelező tagozatán érettségizett 1965-ben.</p>



<p>Ma is szeretettel és tisztelettel emlegeti egykori tanárait. A vakok iskolájából a már említetteken kívül Gábor Józsefet és Verénd Józsefet, a gimnáziumból pedig Lada Éva magyartanárnőt.</p>



<p>A napi munkája után alkalmanként helyettesítette egy-egy társát a szórakoztató zenészek között is. A szövetség zenekarának megszüntetése után még játszott néhány zenekarban.<br />(…)<br />Olvasni is mindig szeretett, még verselt is.</p>



<p>Munkáját a Vakok Szövetségének vezetősége két alkalommal is Braille-éremmel ismerte el.</p>



<p>A zene által nagyon sok emberrel került kapcsolatba. A zene a látássérült embereknek valójában egy igazi esélyegyenlőséget jelent.</p>



<p>Kirner Gusztáv annak a korszaknak a gyermeke, amelyben a látássérült emberek között számos olyan kitűnő muzsikus akadt, akik munkájuk révén szervesen kapcsolódtak a látó zenészek társadalmához és a látók világához.</p>



<p>Lak István cikkének alapján, amely megjelent a Vakok Világa, 2009 februári számában.</p>

<p> <a class="continue-reading-link" href="https://www.vakisk.hu/?page_id=2533">Tovább <span class="meta-nav">&rarr; </span></a></p>
