{"id":2537,"date":"2020-03-09T18:17:33","date_gmt":"2020-03-09T17:17:33","guid":{"rendered":"https:\/\/www.vakisk.hu\/?page_id=2537"},"modified":"2020-03-09T18:22:27","modified_gmt":"2020-03-09T17:22:27","slug":"kovacs-oszkar-zongorahangolo-zenesz-1949-1993","status":"publish","type":"page","link":"https:\/\/www.vakisk.hu\/?page_id=2537","title":{"rendered":"Kov\u00e1cs Oszk\u00e1r zongorahangol\u00f3, zen\u00e9sz (1949-1993)"},"content":{"rendered":"\n<p>Kov\u00e1cs Oszk\u00e1r 1949. janu\u00e1r 11-\u00e9n sz\u00fcletett Tarnaleleszen. M\u00e1r kisgyermek  kor\u00e1ban el kellett hagynia sz\u00fcleit \u00e9s B\u00e9la b\u00e1tyj\u00e1t, mivel  sz\u00fcrkeh\u00e1lyoggal sz\u00fcletett, k\u00e9s\u0151bb t\u00f6bbsz\u00f6ri m\u0171t\u00e9t ut\u00e1n l\u00e1t\u00e1sa  fokozatosan romlott.<\/p>\n\n\n\n<p>Az \u00e1ltal\u00e1nos iskol\u00e1t Budapesten, a vakok iskol\u00e1j\u00e1ban v\u00e9gezte. Tan\u00e1rai  hamar felismert\u00e9k, hogy zen\u00e9re milyen fog\u00e9kony, j\u00f3 f\u00fcl\u0171, abszol\u00fat  hall\u00e1s\u00fa a gyerek. Az iskol\u00e1ban zongor\u00e1zni, csell\u00f3zni, majd b\u0151g\u0151zni tanult.<\/p>\n\n\n\n<p>Az \u00e1ltal\u00e1nos iskola befejez\u00e9se ut\u00e1n az 5. sz\u00e1m\u00fa szakmunk\u00e1sk\u00e9pz\u0151 iskol\u00e1ban kefe-\u00e9s sepr\u0171k\u00e9sz\u00edt\u00e9st tanult. A szakvizsga let\u00e9tele ut\u00e1n nem a szakm\u00e1ban helyezkedett el, hanem telefonalk\u00f6zpont-kezel\u0151 lett. 1965-t\u0151l k\u00f6zel k\u00e9t \u00e9vtizeden \u00e1t \u00e9nekelt a Hom\u00e9rosz k\u00f3rusban. Ott a tenor sz\u00f3lam f\u0151er\u0151ss\u00e9ge volt, szinte sz\u00f3lamvezet\u0151k\u00e9nt m\u0171k\u00f6d\u00f6tt. Ugyancsak az eml\u00edtett \u00e9vt\u0151l kezdve oszlopos tagja volt a sz\u00f6vets\u00e9g zenekar\u00e1nak, melyben kiv\u00e1l\u00f3 nagyb\u0151g\u0151sk\u00e9nt biztos k\u00eds\u00e9r\u0151 volt. Nemcsak e k\u00e9t egy\u00fcttesben kamatoztatta (a komolyzene ter\u00fclet\u00e9n) rendk\u00edv\u00fcli zenei k\u00e9pess\u00e9geit, hanem (a sz\u00f3rakoztat\u00f3 muzsika vil\u00e1g\u00e1ban) k\u00fcl\u00f6nb\u00f6z\u0151 kisegy\u00fcttesekben is gyakran szerepelt. Ezekkel a fiatal muzsikusokkal nagyon sokat j\u00e1tszott sz\u00f6vets\u00e9gi \u00e9s int\u00e9zm\u00e9nyi rendezv\u00e9nyeken \u00e9s m\u0171vel\u0151d\u00e9si h\u00e1zakban. T\u00f6bb mint egy \u00e9vtizeden \u00e1t sz\u00e1mtalan m\u0171sor szervez\u00e9s\u00e9ben, zenei estek rendez\u00e9s\u00e9ben seg\u00edtette t\u00e1rsait a szakmunk\u00e1sk\u00e9pz\u0151ben, ahol G\u00e9vai B\u00e9la, az iskola vezet\u0151 tan\u00e1ra mindig sz\u00e1m\u00edthatott r\u00e1. Kettej\u00fck kiv\u00e1l\u00f3 egy\u00fcttm\u0171k\u00f6d\u00e9s\u00e9b\u0151l sz\u00e1mtalan sikeres szerepl\u00e9s sz\u00fcletett. A l\u00e1t\u00e1ss\u00e9r\u00fclt fiatalok m\u0171v\u00e9szet\u00e9t, kult\u00far\u00e1j\u00e1t elvitt\u00e9k az orsz\u00e1g minden r\u00e9sz\u00e9be.<\/p>\n\n\n\n<p>Kov\u00e1cs Oszk\u00e1r 1977-t\u0151l zongorahangol\u00f3 lett, elv\u00e9gezte a hangol\u00f3tanfolyamot.<\/p>\n\n\n\n<p>1978-t\u00f3l egy \u00e9vig a Kozmosz sz\u00f6vetkezetn\u00e9l dolgozott. <\/p>\n\n\n\n<p>1979-t\u0151l 1992 v\u00e9g\u00e9ig a Magyar R\u00e1di\u00f3ban kiv\u00e1l\u00f3 zongorahangol\u00f3k\u00e9nt v\u00e1lt ismertt\u00e9 \u00e9s kedveltt\u00e9, munk\u00e1j\u00e1t ott is igen nagyra \u00e9rt\u00e9kelt\u00e9k. Ezen k\u00edv\u00fcl sz\u00e1mos helyen dolgozott m\u00e9g. A vakok sz\u00f6vets\u00e9g\u00e9ben mindenben seg\u00edtette zen\u00e9szt\u00e1rsait, koll\u00e9g\u00e1it. Munk\u00e1j\u00e1t sz\u00f6vets\u00e9g\u00fcnk 1978-ban Braille-eml\u00e9k\u00e9rem oda\u00edt\u00e9l\u00e9s\u00e9vel ismerte el.<\/p>\n\n\n\n<p>1983-ban k\u00f6t\u00f6tt h\u00e1zass\u00e1g\u00e1b\u00f3l egy fia sz\u00fcletett, akiben tehets\u00e9g\u00e9nek folytat\u00f3j\u00e1t l\u00e1tta.<\/p>\n\n\n\n<p>A r\u00e1di\u00f3ban egyre t\u00f6bb munk\u00e1ja volt; ha j\u00f3 hangol\u00f3t kerestek, \u0151t aj\u00e1nlott\u00e1k. Kiv\u00e1l\u00f3 m\u0171v\u00e9szek st\u00fadi\u00f3felv\u00e9teleihez, hangversenyeihez mindig \u0151 hangolta a zongor\u00e1t. Munkahely\u00e9n nagyon n\u00e9pszer\u0171 volt; szinte minden oszt\u00e1lyon ismert\u00e9k \u00e9s szerett\u00e9k. N\u00e9meth Tam\u00e1s zongoram\u0171v\u00e9sz, tan\u00e1r sorst\u00e1rsunk is elmondta, hogy ha r\u00e1di\u00f3skoncertje volt, Oszk\u00e1r mindig hallatlan gonddal k\u00e9sz\u00edtette el\u0151 m\u00e9g a st\u00fadi\u00f3t is, szurkolva az \u0151 siker\u00e9\u00e9rt.<\/p>\n\n\n\n<p>A Magyar R\u00e1di\u00f3 N\u00edv\u00f3-d\u00edjjal ismerte el munk\u00e1j\u00e1t. <\/p>\n\n\n\n<p>A sok munka, a t\u00falzott ig\u00e9nybev\u00e9tel fel\u0151r\u00f6lte eg\u00e9szs\u00e9g\u00e9t. V\u00e9g\u00fcl is 1992 december v\u00e9g\u00e9n k\u00f3rh\u00e1zba ker\u00fclt. S\u00falyos betegs\u00e9g \u00e9s szenved\u00e9s ut\u00e1n 1993 janu\u00e1r 28-\u00e1n, 44 \u00e9ves kor\u00e1ban elhunyt.<\/p>\n\n\n\n<p>A Vakok Vil\u00e1ga, 1993 \u00e1prilisi sz\u00e1m\u00e1ban megjelent Lak-Istv\u00e1n-cikk alapj\u00e1n.<\/p>\n","protected":false},"excerpt":{"rendered":"<p> <a class=\"continue-reading-link\" href=\"https:\/\/www.vakisk.hu\/?page_id=2537\">Tov\u00e1bb <span class=\"meta-nav\">&rarr; <\/span><\/a><\/p>\n","protected":false},"author":1,"featured_media":0,"parent":2482,"menu_order":0,"comment_status":"open","ping_status":"closed","template":"","meta":{"footnotes":""},"class_list":["post-2537","page","type-page","status-publish","hentry"],"_links":{"self":[{"href":"https:\/\/www.vakisk.hu\/index.php?rest_route=\/wp\/v2\/pages\/2537","targetHints":{"allow":["GET"]}}],"collection":[{"href":"https:\/\/www.vakisk.hu\/index.php?rest_route=\/wp\/v2\/pages"}],"about":[{"href":"https:\/\/www.vakisk.hu\/index.php?rest_route=\/wp\/v2\/types\/page"}],"author":[{"embeddable":true,"href":"https:\/\/www.vakisk.hu\/index.php?rest_route=\/wp\/v2\/users\/1"}],"replies":[{"embeddable":true,"href":"https:\/\/www.vakisk.hu\/index.php?rest_route=%2Fwp%2Fv2%2Fcomments&post=2537"}],"version-history":[{"count":0,"href":"https:\/\/www.vakisk.hu\/index.php?rest_route=\/wp\/v2\/pages\/2537\/revisions"}],"up":[{"embeddable":true,"href":"https:\/\/www.vakisk.hu\/index.php?rest_route=\/wp\/v2\/pages\/2482"}],"wp:attachment":[{"href":"https:\/\/www.vakisk.hu\/index.php?rest_route=%2Fwp%2Fv2%2Fmedia&parent=2537"}],"curies":[{"name":"wp","href":"https:\/\/api.w.org\/{rel}","templated":true}]}}

Kovács Oszkár zongorahangoló, zenész (1949-1993)

<p>Kovács Oszkár 1949. január 11-én született Tarnaleleszen. Már kisgyermek  korában el kellett hagynia szüleit és Béla bátyját, mivel  szürkehályoggal született, később többszöri műtét után látása  fokozatosan romlott.</p>



<p>Az általános iskolát Budapesten, a vakok iskolájában végezte. Tanárai  hamar felismerték, hogy zenére milyen fogékony, jó fülű, abszolút  hallású a gyerek. Az iskolában zongorázni, csellózni, majd bőgőzni tanult.</p>



<p>Az általános iskola befejezése után az 5. számú szakmunkásképző iskolában kefe-és seprűkészítést tanult. A szakvizsga letétele után nem a szakmában helyezkedett el, hanem telefonalközpont-kezelő lett. 1965-től közel két évtizeden át énekelt a Homérosz kórusban. Ott a tenor szólam főerőssége volt, szinte szólamvezetőként működött. Ugyancsak az említett évtől kezdve oszlopos tagja volt a szövetség zenekarának, melyben kiváló nagybőgősként biztos kísérő volt. Nemcsak e két együttesben kamatoztatta (a komolyzene területén) rendkívüli zenei képességeit, hanem (a szórakoztató muzsika világában) különböző kisegyüttesekben is gyakran szerepelt. Ezekkel a fiatal muzsikusokkal nagyon sokat játszott szövetségi és intézményi rendezvényeken és művelődési házakban. Több mint egy évtizeden át számtalan műsor szervezésében, zenei estek rendezésében segítette társait a szakmunkásképzőben, ahol Gévai Béla, az iskola vezető tanára mindig számíthatott rá. Kettejük kiváló együttműködéséből számtalan sikeres szereplés született. A látássérült fiatalok művészetét, kultúráját elvitték az ország minden részébe.</p>



<p>Kovács Oszkár 1977-től zongorahangoló lett, elvégezte a hangolótanfolyamot.</p>



<p>1978-tól egy évig a Kozmosz szövetkezetnél dolgozott. </p>



<p>1979-től 1992 végéig a Magyar Rádióban kiváló zongorahangolóként vált ismertté és kedveltté, munkáját ott is igen nagyra értékelték. Ezen kívül számos helyen dolgozott még. A vakok szövetségében mindenben segítette zenésztársait, kollégáit. Munkáját szövetségünk 1978-ban Braille-emlékérem odaítélésével ismerte el.</p>



<p>1983-ban kötött házasságából egy fia született, akiben tehetségének folytatóját látta.</p>



<p>A rádióban egyre több munkája volt; ha jó hangolót kerestek, őt ajánlották. Kiváló művészek stúdiófelvételeihez, hangversenyeihez mindig ő hangolta a zongorát. Munkahelyén nagyon népszerű volt; szinte minden osztályon ismerték és szerették. Németh Tamás zongoraművész, tanár sorstársunk is elmondta, hogy ha rádióskoncertje volt, Oszkár mindig hallatlan gonddal készítette elő még a stúdiót is, szurkolva az ő sikeréért.</p>



<p>A Magyar Rádió Nívó-díjjal ismerte el munkáját. </p>



<p>A sok munka, a túlzott igénybevétel felőrölte egészségét. Végül is 1992 december végén kórházba került. Súlyos betegség és szenvedés után 1993 január 28-án, 44 éves korában elhunyt.</p>



<p>A Vakok Világa, 1993 áprilisi számában megjelent Lak-István-cikk alapján.</p>

<p> <a class="continue-reading-link" href="https://www.vakisk.hu/?page_id=2537">Tovább <span class="meta-nav">&rarr; </span></a></p>
