{"id":2541,"date":"2020-03-09T18:25:28","date_gmt":"2020-03-09T17:25:28","guid":{"rendered":"https:\/\/www.vakisk.hu\/?page_id=2541"},"modified":"2020-03-09T18:31:34","modified_gmt":"2020-03-09T17:31:34","slug":"kroll-zsuzsanna","status":"publish","type":"page","link":"https:\/\/www.vakisk.hu\/?page_id=2541","title":{"rendered":"Kroll Zsuzsanna"},"content":{"rendered":"\n<p>1983-ig volt a Vakok \u00c1ltal\u00e1nos Iskol\u00e1j\u00e1nak tanul\u00f3ja.<\/p>\n\n\n\n<p>Kiemelked\u0151 k\u00e9pess\u00e9geinek k\u00f6sz\u00f6nhet\u0151en az el\u0151k\u00e9sz\u00edt\u0151 oszt\u00e1lyt nem is j\u00e1rta v\u00e9gig, hanem tan\u00e9v k\u00f6zben l\u00e9ptett\u00e9k a k\u00f6vetkez\u0151 oszt\u00e1lyfokra, mert ahogyan mondt\u00e1k: &#8222;lassan \u0151 tan\u00edtotta az oszt\u00e1lyt\u00e1rsait&#8221;<\/p>\n\n\n\n<p>K\u00e9s\u0151bb kiv\u00edvta, hogy egyetlen l\u00e1nyk\u00e9nt zongorahangol\u00e1st tanulhasson. Abban az id\u0151ben ugyanis a zongorahangol\u00e1s az int\u00e9zm\u00e9nyen  bel\u00fcl tanulhat\u00f3 volt. Az arra alkalmas tanul\u00f3knak a 8. oszt\u00e1lyb\u00f3l kil\u00e9pve m\u00e9g egy \u00e9vnyi gyakorlat ut\u00e1n hangol\u00f3vizsg\u00e1t kellett tenni\u00fck, ezut\u00e1n szakma volt a kez\u00fckben.<\/p>\n\n\n\n<p>A Teleki Blanka Gimn\u00e1ziumban \u00e9retts\u00e9gizett. K\u00f6z\u00e9piskol\u00e1s \u00e9veiben hivat\u00e1sos zenekarral l\u00e9pett f\u00f6l sz\u00f3rakoz\u00f3helyeken. Az 1990-es \u00e9vekben a Szi\u00e1mi egy\u00fcttes tagja volt, billenty\u0171s hangszereken j\u00e1tszott \u00e9s \u00e9nekelt. Tagja volt a Magyar Vakok \u00e9s Gyeng\u00e9nl\u00e1t\u00f3k Orsz\u00e1gos Sz\u00f6vets\u00e9ge Hom\u00e9rosz k\u00f3rus\u00e1nak.<\/p>\n\n\n\n<p>1994-ben alap\u00edtotta a l\u00e1t\u00e1ss\u00e9r\u00fcltekb\u0151l \u00e1ll\u00f3 Kedd Band egy\u00fcttest, amely hossz\u00fa ideig sikeresen m\u0171k\u00f6d\u00f6tt, \u00e9s amelynek \u00f6sszetart\u00f3ja, szellemi vezet\u0151je \u00e9s szervez\u0151je is volt.<\/p>\n\n\n\n<p>1989-ben  gy\u00f3gymassz\u0151rv\u00e9gzetts\u00e9get szerzett. K\u00e9s\u0151bb  a term\u00e9szetgy\u00f3gy\u00e1szat ter\u00fclet\u00e9n is tov\u00e1bbk\u00e9pezte mag\u00e1t.<\/p>\n\n\n\n<p>1997-ben k\u00f6z\u00e9piskolai magyartan\u00e1ri oklevelet szerzett az ELTE b\u00f6lcs\u00e9szettudom\u00e1nyi kar\u00e1n.<\/p>\n\n\n\n<p>R\u00f6vid ideig tan\u00edtott a L\u00f3nyai Utcai Reform\u00e1tus Gimn\u00e1ziumban.<\/p>\n\n\n\n<p>1989-ben k\u00f6nyvt\u00e1ros volt a MVGYOSZ braille-k\u00f6nyvt\u00e1r\u00e1ban.<\/p>\n\n\n\n<p>1997-t\u0151l a MVGYOSZ m\u0171vel\u0151d\u00e9sszervez\u0151je volt. Ebben az id\u0151ben vezet\u00e9s\u00e9vel f\u00f6llend\u00fclt a sz\u00f6vets\u00e9g kultur\u00e1lis \u00e9lete. B\u00e9rletes sz\u00edniel\u0151ad\u00e1ssorozatot szervezett a F\u00fcggetlen Sz\u00ednpad t\u00e1rsulat\u00e1val a Hermina-teremben. Filmklubot ind\u00edtott, amely \u00fatt\u00f6r\u0151 volt, mivel l\u00e1t\u00e1ss\u00e9r\u00fcltek \u00e9s l\u00e1t\u00f3k egy\u00fctt n\u00e9zhettek filmeket, sz\u00fcks\u00e9g szerinti \u00e9l\u0151 magyar\u00e1zatokkal kieg\u00e9sz\u00edtve. Ezzel tulajdonk\u00e9ppen megteremtette a k\u00e9s\u0151bb elterjed\u0151 hangal\u00e1mond\u00e1st, azaz audionarr\u00e1ci\u00f3t. Sz\u00e1mos gyerekeknek \u00e9s feln\u0151tteknek sz\u00f3l\u00f3 zen\u00e9s rendezv\u00e9nyt, hangversenyt, vet\u00e9lked\u0151t, ismeretterjeszt\u0151 el\u0151ad\u00e1st szervezett l\u00e1t\u00e1ss\u00e9r\u00fclt \u00e9s k\u00fcls\u0151 el\u0151ad\u00f3k r\u00e9szv\u00e9tel\u00e9vel.<\/p>\n\n\n\n<p>A 2000-es \u00e9vekt\u0151l fokozatosan az akad\u00e1lymentes\u00edt\u00e9sben dolgozott.<\/p>\n\n\n\n<p>2009-ben hozta l\u00e9tre  az Akad\u00e1lymentes\u00edt\u00e9ssel foglalkoz\u00f3  munkacsoportot, amely a tags\u00e1g, azaz a l\u00e1t\u00e1ss\u00e9r\u00fcltek  v\u00e9lem\u00e9ny\u00e9t is figyelembe v\u00e9ve m\u0171k\u00f6d\u00f6tt.<\/p>\n\n\n\n<p>K\u00f6zponti szerepe volt a FUT\u00c1Rk\u00e9nt ismert budapesti utast\u00e1j\u00e9koztat\u00f3 rendszer meghangos\u00edt\u00e1s\u00e1ban, amely egy szabv\u00e1nyos t\u00e1vir\u00e1ny\u00edt\u00f3val kapcsolhat\u00f3 be.<\/p>\n\n\n\n<p>Kezdem\u00e9nyez\u00e9s\u00e9re \u00e9s k\u00f6zrem\u0171k\u00f6d\u00e9s\u00e9vel honos\u00edtott\u00e1k a taktilis, azaz \u00e9rezhet\u0151 burkolati jelek nemzetk\u00f6zi rendszer\u00e9t. Ezen szabv\u00e1nyt azonban nem mindenhol alkalmazz\u00e1k k\u00f6vetkezetesen. A 4-es metr\u00f3 akad\u00e1lymentes\u00edt\u00e9s\u00e9ben is jelent\u0151s szerepe volt. Szakmai Ir\u00e1nymutat\u00e1s\u00e1val alak\u00edtott\u00e1k ki azt a rendszert, amelyik t\u00e1vir\u00e1ny\u00edt\u00f3val m\u0171k\u00f6d\u00e9sbe hozhat\u00f3 hangjelz\u00e9ssel seg\u00edti a helyes ir\u00e1nyba men\u0151 mozg\u00f3l\u00e9pcs\u0151 k\u00f6nnyebb megtal\u00e1l\u00e1s\u00e1t, a vezet\u0151s\u00e1vokat \u00e9s \u00e9rezhet\u0151, azaz taktilis figyelmeztet\u0151jelz\u00e9seket, a l\u00e1t\u00e1smaradv\u00e1nnyal rendelkez\u0151 l\u00e1t\u00e1ss\u00e9r\u00fclteket seg\u00edt\u0151, a biztons\u00e1gi s\u00e1vot jelz\u0151 f\u00e9nycs\u00edkot.<\/p>\n\n\n\n<p>Erre az id\u0151szakra esik a v\u00e1ros sz\u00e1mos ter\u00fclet\u00e9nek fel\u00faj\u00edt\u00e1sa. A l\u00e1t\u00e1ss\u00e9r\u00fcltek \u00e9rdekk\u00e9pviselet\u00e9nek eredm\u00e9nyek\u00e9ppen t\u00f6bb olyan \u00e9p\u00edt\u00e9si rendeletet hoztak, amely a l\u00e1t\u00e1ss\u00e9r\u00fcltek sz\u00e1m\u00e1ra seg\u00edts\u00e9g. P\u00e9ld\u00e1ul: <\/p>\n\n\n\n<ul class=\"wp-block-list\"><li>\u00faj gyalog\u00e1tkel\u0151helyen nem szabad hangjelz\u00e9s n\u00e9lk\u00fcli l\u00e1mp\u00e1t telep\u00edteni,<\/li><li>mindenhol kell \u00e9rezhet\u0151 (taktilis) jelz\u00e9st alkalmazni.<\/li><\/ul>\n\n\n\n<p>A folyamatos \u00e9rdekk\u00e9pviselet eredm\u00e9nyek\u00e9ppen 2012-ben az Orsz\u00e1gos Telep\u00fcl\u00e9srendez\u00e9si \u00e9s \u00c9p\u00edt\u00e9si K\u00f6vetelm\u00e9nyekbe (OT\u00c9K) beker\u00fclt, hogy minden k\u00f6z\u00e9p\u00fclet k\u00f6zter\u00fclet azon r\u00e9sz\u00e9t, amelyet fogyat\u00e9kosok is haszn\u00e1lnak, akad\u00e1lymentesen kell \u00e9p\u00edteni.<\/p>\n\n\n\n<p>Volt a MVGyOSz szakmai vezet\u0151je is.<\/p>\n\n\n\n<p>A Vakok \u00c1llami Int\u00e9zet\u00e9ben, ahol jelenleg dolgozik, szabadid\u0151s tev\u00e9kenys\u00e9geket, rendezv\u00e9nyeket szervez, \u00e9letvezet\u00e9si \u00e9s egy\u00e9b fejleszt\u0151 foglalkoz\u00e1sokat tart.<\/p>\n\n\n\n<p>Jelenleg is dolgozik gy\u00f3gymassz\u0151rk\u00e9nt is.<\/p>\n\n\n\n<p>\u00c9let\u00e9nek mindm\u00e1ig fontos r\u00e9sze a zene \u00e9s az \u00e9nekl\u00e9s.<\/p>\n\n\n\n<p><\/p>\n","protected":false},"excerpt":{"rendered":"<p> <a class=\"continue-reading-link\" href=\"https:\/\/www.vakisk.hu\/?page_id=2541\">Tov\u00e1bb <span class=\"meta-nav\">&rarr; <\/span><\/a><\/p>\n","protected":false},"author":1,"featured_media":0,"parent":2482,"menu_order":0,"comment_status":"open","ping_status":"closed","template":"","meta":{"footnotes":""},"class_list":["post-2541","page","type-page","status-publish","hentry"],"_links":{"self":[{"href":"https:\/\/www.vakisk.hu\/index.php?rest_route=\/wp\/v2\/pages\/2541","targetHints":{"allow":["GET"]}}],"collection":[{"href":"https:\/\/www.vakisk.hu\/index.php?rest_route=\/wp\/v2\/pages"}],"about":[{"href":"https:\/\/www.vakisk.hu\/index.php?rest_route=\/wp\/v2\/types\/page"}],"author":[{"embeddable":true,"href":"https:\/\/www.vakisk.hu\/index.php?rest_route=\/wp\/v2\/users\/1"}],"replies":[{"embeddable":true,"href":"https:\/\/www.vakisk.hu\/index.php?rest_route=%2Fwp%2Fv2%2Fcomments&post=2541"}],"version-history":[{"count":0,"href":"https:\/\/www.vakisk.hu\/index.php?rest_route=\/wp\/v2\/pages\/2541\/revisions"}],"up":[{"embeddable":true,"href":"https:\/\/www.vakisk.hu\/index.php?rest_route=\/wp\/v2\/pages\/2482"}],"wp:attachment":[{"href":"https:\/\/www.vakisk.hu\/index.php?rest_route=%2Fwp%2Fv2%2Fmedia&parent=2541"}],"curies":[{"name":"wp","href":"https:\/\/api.w.org\/{rel}","templated":true}]}}

<p>1983-ig volt a Vakok Általános Iskolájának tanulója.</p>



<p>Kiemelkedő képességeinek köszönhetően az előkészítő osztályt nem is járta végig, hanem tanév közben léptették a következő osztályfokra, mert ahogyan mondták: &#8222;lassan ő tanította az osztálytársait&#8221;</p>



<p>Később kivívta, hogy egyetlen lányként zongorahangolást tanulhasson. Abban az időben ugyanis a zongorahangolás az intézményen  belül tanulható volt. Az arra alkalmas tanulóknak a 8. osztályból kilépve még egy évnyi gyakorlat után hangolóvizsgát kellett tenniük, ezután szakma volt a kezükben.</p>



<p>A Teleki Blanka Gimnáziumban érettségizett. Középiskolás éveiben hivatásos zenekarral lépett föl szórakozóhelyeken. Az 1990-es években a Sziámi együttes tagja volt, billentyűs hangszereken játszott és énekelt. Tagja volt a Magyar Vakok és Gyengénlátók Országos Szövetsége Homérosz kórusának.</p>



<p>1994-ben alapította a látássérültekből álló Kedd Band együttest, amely hosszú ideig sikeresen működött, és amelynek összetartója, szellemi vezetője és szervezője is volt.</p>



<p>1989-ben  gyógymasszőrvégzettséget szerzett. Később  a természetgyógyászat területén is továbbképezte magát.</p>



<p>1997-ben középiskolai magyartanári oklevelet szerzett az ELTE bölcsészettudományi karán.</p>



<p>Rövid ideig tanított a Lónyai Utcai Református Gimnáziumban.</p>



<p>1989-ben könyvtáros volt a MVGYOSZ braille-könyvtárában.</p>



<p>1997-től a MVGYOSZ művelődésszervezője volt. Ebben az időben vezetésével föllendült a szövetség kulturális élete. Bérletes színielőadássorozatot szervezett a Független Színpad társulatával a Hermina-teremben. Filmklubot indított, amely úttörő volt, mivel látássérültek és látók együtt nézhettek filmeket, szükség szerinti élő magyarázatokkal kiegészítve. Ezzel tulajdonképpen megteremtette a később elterjedő hangalámondást, azaz audionarrációt. Számos gyerekeknek és felnőtteknek szóló zenés rendezvényt, hangversenyt, vetélkedőt, ismeretterjesztő előadást szervezett látássérült és külső előadók részvételével.</p>



<p>A 2000-es évektől fokozatosan az akadálymentesítésben dolgozott.</p>



<p>2009-ben hozta létre  az Akadálymentesítéssel foglalkozó  munkacsoportot, amely a tagság, azaz a látássérültek  véleményét is figyelembe véve működött.</p>



<p>Központi szerepe volt a FUTÁRként ismert budapesti utastájékoztató rendszer meghangosításában, amely egy szabványos távirányítóval kapcsolható be.</p>



<p>Kezdeményezésére és közreműködésével honosították a taktilis, azaz érezhető burkolati jelek nemzetközi rendszerét. Ezen szabványt azonban nem mindenhol alkalmazzák következetesen. A 4-es metró akadálymentesítésében is jelentős szerepe volt. Szakmai Iránymutatásával alakították ki azt a rendszert, amelyik távirányítóval működésbe hozható hangjelzéssel segíti a helyes irányba menő mozgólépcső könnyebb megtalálását, a vezetősávokat és érezhető, azaz taktilis figyelmeztetőjelzéseket, a látásmaradvánnyal rendelkező látássérülteket segítő, a biztonsági sávot jelző fénycsíkot.</p>



<p>Erre az időszakra esik a város számos területének felújítása. A látássérültek érdekképviseletének eredményeképpen több olyan építési rendeletet hoztak, amely a látássérültek számára segítség. Például: </p>



<ul class="wp-block-list"><li>új gyalogátkelőhelyen nem szabad hangjelzés nélküli lámpát telepíteni,</li><li>mindenhol kell érezhető (taktilis) jelzést alkalmazni.</li></ul>



<p>A folyamatos érdekképviselet eredményeképpen 2012-ben az Országos Településrendezési és Építési Követelményekbe (OTÉK) bekerült, hogy minden középület közterület azon részét, amelyet fogyatékosok is használnak, akadálymentesen kell építeni.</p>



<p>Volt a MVGyOSz szakmai vezetője is.</p>



<p>A Vakok Állami Intézetében, ahol jelenleg dolgozik, szabadidős tevékenységeket, rendezvényeket szervez, életvezetési és egyéb fejlesztő foglalkozásokat tart.</p>



<p>Jelenleg is dolgozik gyógymasszőrként is.</p>



<p>Életének mindmáig fontos része a zene és az éneklés.</p>



<p></p>

<p> <a class="continue-reading-link" href="https://www.vakisk.hu/?page_id=2541">Tovább <span class="meta-nav">&rarr; </span></a></p>
