{"id":2675,"date":"2020-03-21T08:26:36","date_gmt":"2020-03-21T07:26:36","guid":{"rendered":"https:\/\/www.vakisk.hu\/?page_id=2675"},"modified":"2020-03-21T08:29:16","modified_gmt":"2020-03-21T07:29:16","slug":"nemeth-tamas-zongoramuvesz-zenetanar","status":"publish","type":"page","link":"https:\/\/www.vakisk.hu\/?page_id=2675","title":{"rendered":"N\u00e9meth Tam\u00e1s &#8211; zongoram\u0171v\u00e9sz, zenetan\u00e1r"},"content":{"rendered":"\n<p><strong>N\u00e9meth Tam\u00e1s <\/strong>zongoram\u0171v\u00e9sz-tan\u00e1r  1944-ben sz\u00fcletik Baj\u00e1n. L\u00e1t\u00e1s\u00e1t m\u00e1sf\u00e9l \u00e9vesen veszti el  sz\u00fcrkeh\u00e1lyog-m\u0171t\u00e9tek k\u00f6vetkezt\u00e9ben. \u00d6t \u00e9ves kor\u00e1t\u00f3l 11 \u00e9ven \u00e1t a &#8222;Vakok  Orsz\u00e1gos Nevel\u0151- \u00e9s Tanint\u00e9zet\u00e9&#8221;-ben tanul Budapesten.<\/p>\n\n\n\n<p>Nyolc \u00e9ves kor\u00e1ban kezd zongor\u00e1zni Zich\u00f3 J\u00f3zsef sorst\u00e1rs zenetan\u00e1rn\u00e1l, aki felismerve tehets\u00e9g\u00e9t, zenei p\u00e1ly\u00e1ra k\u00e9pzi. A fi\u00fa szorgalm\u00e1val, tanulm\u00e1nyi el\u0151menetel\u00e9vel is kit\u0171nik. Az iskolai \u00fcnneps\u00e9geken rendszeresen szerepel. Kiv\u00e1l\u00f3 n\u00f6vend\u00e9kt\u00e1rsaival n\u00e9gykezes, s\u0151t k\u00e9tzongor\u00e1s produkci\u00f3kban is jeleskedik. Az 1959-es &#8222;Orsz\u00e1gos \u00datt\u00f6r\u0151 zenei versenyen&#8221; els\u0151 d\u00edjat nyer.<\/p>\n\n\n\n<p>Zenetan\u00e1rai egy\u00f6ntet\u0171 aj\u00e1nl\u00e1s\u00e1ra 1960-ban 16 \u00e9vesen sikerrel felv\u00e9telizik a budapesti Bart\u00f3k B\u00e9la Zenem\u0171v\u00e9szeti Szakk\u00f6z\u00e9piskol\u00e1ba. A Vakok Iskol\u00e1ja v\u00e9dett vil\u00e1g\u00e1b\u00f3l kiker\u00fclve az ott megszerzett tud\u00e1ssal a l\u00e1t\u00f3 zen\u00e9szt\u00e1rsak verseng\u0151 k\u00f6z\u00f6ss\u00e9g\u00e9ben is bizony\u00edtja r\u00e1termetts\u00e9g\u00e9t. Dolgozatait, jegyzeteit Braille r\u00f6vid\u00edr\u00e1ssal k\u00e9sz\u00edti, \u00edgy tud l\u00e9p\u00e9st tartani oszt\u00e1lyt\u00e1rsaival. Koll\u00e9giumi elhelyez\u00e9st, gyakorl\u00e1si lehet\u0151s\u00e9get a Vakok \u00c1llami Int\u00e9zet\u00e9ben kap. Tanulm\u00e1nyaihoz seg\u00edts\u00e9get, a felolvas\u00e1st \u00e9s korrepet\u00edci\u00f3t a Vakok \u00e9s Cs\u00f6kkentl\u00e1t\u00f3k Orsz\u00e1gos Sz\u00f6vets\u00e9ge biztos\u00edtja. 1964-ben jeles \u00e9retts\u00e9git tesz.<\/p>\n\n\n\n<p>1965-ben felveszik a Zeneakad\u00e9mi\u00e1ra Ung\u00e1r Imre vak professzor oszt\u00e1ly\u00e1ba. 1970-ben kit\u00fcntet\u00e9ses diplom\u00e1t szerez. Ez\u00e9vben a Magyar R\u00e1di\u00f3 Orsz\u00e1gos Beethoven Zongoraverseny\u00e9n d\u00f6nt\u0151ben v\u00e9gez \u00e9s r\u00e9szt vesz Vars\u00f3ban a Nemzetk\u00f6zi Chopin Versenyen. 1972-ben 4. d\u00edjat nyer a B\u00e9csi Zenebar\u00e1tok Nemzetk\u00f6zi Zongoraverseny\u00e9n. \u00c9veken \u00e1t rendszeresen koncertezik.<\/p>\n\n\n\n<p>Tan\u00e1ri munk\u00e1j\u00e1t alma mater\u00e9ben, a Vakok iskol\u00e1j\u00e1ban kezdi 1969-ben. Itt 1981-ig tan\u00edt. Ezut\u00e1n a Zugl\u00f3i Zeneiskol\u00e1ban folytatja munk\u00e1j\u00e1t 8 \u00e9ven \u00e1t, majd a Bart\u00f3k B\u00e9la Zenem\u0171v\u00e9szeti Szakk\u00f6z\u00e9piskola tan\u00e1ra lesz, ahol 24 \u00e9ven \u00e1t, nyugd\u00edjba vonul\u00e1s\u00e1ig dolgozik.<\/p>\n\n\n\n<p>1991-ben megalap\u00edtja az Ung\u00e1ria Zongoran\u00e9gyest 3 zenetan\u00e1r sorst\u00e1rs\u00e1val. Az egy\u00fcttes j\u00f3t\u00e9konys\u00e1gi koncertekkel 17 \u00e9ven \u00e1t dolgozott a vak emberek t\u00e1rsadalmi elfogad\u00e1s\u00e1\u00e9rt haz\u00e1nkban \u00e9s k\u00fclf\u00f6ld\u00f6n.<\/p>\n\n\n\n<p>M\u0171v\u00e9szi tev\u00e9kenys\u00e9g\u00e9t napjainkig folytatja, feles\u00e9g\u00e9vel \u00d6sszhang Zongoradu\u00f3 n\u00e9ven v\u00e1llal fell\u00e9p\u00e9seket.<\/p>\n","protected":false},"excerpt":{"rendered":"<p> <a class=\"continue-reading-link\" href=\"https:\/\/www.vakisk.hu\/?page_id=2675\">Tov\u00e1bb <span class=\"meta-nav\">&rarr; <\/span><\/a><\/p>\n","protected":false},"author":1,"featured_media":0,"parent":2482,"menu_order":0,"comment_status":"open","ping_status":"closed","template":"","meta":{"footnotes":""},"class_list":["post-2675","page","type-page","status-publish","hentry"],"_links":{"self":[{"href":"https:\/\/www.vakisk.hu\/index.php?rest_route=\/wp\/v2\/pages\/2675","targetHints":{"allow":["GET"]}}],"collection":[{"href":"https:\/\/www.vakisk.hu\/index.php?rest_route=\/wp\/v2\/pages"}],"about":[{"href":"https:\/\/www.vakisk.hu\/index.php?rest_route=\/wp\/v2\/types\/page"}],"author":[{"embeddable":true,"href":"https:\/\/www.vakisk.hu\/index.php?rest_route=\/wp\/v2\/users\/1"}],"replies":[{"embeddable":true,"href":"https:\/\/www.vakisk.hu\/index.php?rest_route=%2Fwp%2Fv2%2Fcomments&post=2675"}],"version-history":[{"count":0,"href":"https:\/\/www.vakisk.hu\/index.php?rest_route=\/wp\/v2\/pages\/2675\/revisions"}],"up":[{"embeddable":true,"href":"https:\/\/www.vakisk.hu\/index.php?rest_route=\/wp\/v2\/pages\/2482"}],"wp:attachment":[{"href":"https:\/\/www.vakisk.hu\/index.php?rest_route=%2Fwp%2Fv2%2Fmedia&parent=2675"}],"curies":[{"name":"wp","href":"https:\/\/api.w.org\/{rel}","templated":true}]}}

Németh Tamás &#8211; zongoraművész, zenetanár

<p><strong>Németh Tamás </strong>zongoraművész-tanár  1944-ben születik Baján. Látását másfél évesen veszti el  szürkehályog-műtétek következtében. Öt éves korától 11 éven át a &#8222;Vakok  Országos Nevelő- és Tanintézeté&#8221;-ben tanul Budapesten.</p>



<p>Nyolc éves korában kezd zongorázni Zichó József sorstárs zenetanárnál, aki felismerve tehetségét, zenei pályára képzi. A fiú szorgalmával, tanulmányi előmenetelével is kitűnik. Az iskolai ünnepségeken rendszeresen szerepel. Kiváló növendéktársaival négykezes, sőt kétzongorás produkciókban is jeleskedik. Az 1959-es &#8222;Országos Úttörő zenei versenyen&#8221; első díjat nyer.</p>



<p>Zenetanárai egyöntetű ajánlására 1960-ban 16 évesen sikerrel felvételizik a budapesti Bartók Béla Zeneművészeti Szakközépiskolába. A Vakok Iskolája védett világából kikerülve az ott megszerzett tudással a látó zenésztársak versengő közösségében is bizonyítja rátermettségét. Dolgozatait, jegyzeteit Braille rövidírással készíti, így tud lépést tartani osztálytársaival. Kollégiumi elhelyezést, gyakorlási lehetőséget a Vakok Állami Intézetében kap. Tanulmányaihoz segítséget, a felolvasást és korrepetíciót a Vakok és Csökkentlátók Országos Szövetsége biztosítja. 1964-ben jeles érettségit tesz.</p>



<p>1965-ben felveszik a Zeneakadémiára Ungár Imre vak professzor osztályába. 1970-ben kitüntetéses diplomát szerez. Ezévben a Magyar Rádió Országos Beethoven Zongoraversenyén döntőben végez és részt vesz Varsóban a Nemzetközi Chopin Versenyen. 1972-ben 4. díjat nyer a Bécsi Zenebarátok Nemzetközi Zongoraversenyén. Éveken át rendszeresen koncertezik.</p>



<p>Tanári munkáját alma materében, a Vakok iskolájában kezdi 1969-ben. Itt 1981-ig tanít. Ezután a Zuglói Zeneiskolában folytatja munkáját 8 éven át, majd a Bartók Béla Zeneművészeti Szakközépiskola tanára lesz, ahol 24 éven át, nyugdíjba vonulásáig dolgozik.</p>



<p>1991-ben megalapítja az Ungária Zongoranégyest 3 zenetanár sorstársával. Az együttes jótékonysági koncertekkel 17 éven át dolgozott a vak emberek társadalmi elfogadásáért hazánkban és külföldön.</p>



<p>Művészi tevékenységét napjainkig folytatja, feleségével Összhang Zongoraduó néven vállal fellépéseket.</p>

<p> <a class="continue-reading-link" href="https://www.vakisk.hu/?page_id=2675">Tovább <span class="meta-nav">&rarr; </span></a></p>
