{"id":51,"date":"2017-12-11T08:00:28","date_gmt":"2017-12-11T07:00:28","guid":{"rendered":"http:\/\/www.grezner.nhely.hu\/?page_id=51"},"modified":"2019-11-11T08:51:39","modified_gmt":"2019-11-11T07:51:39","slug":"iskola-tortenete","status":"publish","type":"page","link":"https:\/\/www.vakisk.hu\/?page_id=51","title":{"rendered":"Iskol\u00e1nk r\u00f6vid t\u00f6rt\u00e9nete"},"content":{"rendered":"<p>Int\u00e9zet\u00fcnk alap\u00edt\u00e1s\u00e1nak \u00e9ve 1825. Ez \u00e9v okt\u00f3ber\u00e9ben \u00e9rkezik B\u00e9csb\u0151l Pozsonyba Beitl Rafael \u00e9s n\u00e9h\u00e1ny vak gyermek. \u0150ket Johann Klein, a b\u00e9csi Vakint\u00e9zet igazgat\u00f3ja k\u00fcldte, hogy az ott \u00fcl\u00e9sez\u0151 orsz\u00e1ggy\u0171l\u00e9s tagjainak bemutassa, hogy igenis, a vak gyermekek oktathat\u00f3k, nevelhet\u0151k, k\u00e9pezhet\u0151k, s ez okb\u00f3l Magyarorsz\u00e1gon is sz\u00fcks\u00e9ges egy erre k\u00e9pes int\u00e9zetet l\u00e9trehozni!<\/p>\n<div id=\"attachment_318\" style=\"width: 230px\" class=\"wp-caption alignleft\"><a href=\"https:\/\/www.vakisk.hu\/wp-content\/uploads\/2017\/12\/T\u00f6rt\u00e9net_J\u00f3zsefN\u00e1dor.jpg\"><img fetchpriority=\"high\" decoding=\"async\" aria-describedby=\"caption-attachment-318\" class=\"wp-image-318 \" src=\"https:\/\/www.vakisk.hu\/wp-content\/uploads\/2017\/12\/T\u00f6rt\u00e9net_J\u00f3zsefN\u00e1dor.jpg\" alt=\"J\u00f3zsef N\u00e1dor\" width=\"220\" height=\"262\" srcset=\"https:\/\/www.vakisk.hu\/wp-content\/uploads\/2017\/12\/T\u00f6rt\u00e9net_J\u00f3zsefN\u00e1dor.jpg 151w, https:\/\/www.vakisk.hu\/wp-content\/uploads\/2017\/12\/T\u00f6rt\u00e9net_J\u00f3zsefN\u00e1dor-126x150.jpg 126w\" sizes=\"(max-width: 220px) 100vw, 220px\" \/><\/a><p id=\"caption-attachment-318\" class=\"wp-caption-text\">J\u00f3zsef N\u00e1dor<\/p><\/div>\n<p>Az \u00fcgy lelkes erk\u00f6lcsi \u00e9s anyagi t\u00e1mogat\u00f3ja J\u00f3zsef n\u00e1dor \u00e9s csal\u00e1dja volt. A sikeres \u00e9s l\u00e1tv\u00e1nyos bemutat\u00f3k sok t\u00e1mogat\u00f3t, adom\u00e1nyoz\u00f3t \u00e1ll\u00edtottak az \u00fcgy mell\u00e9, mind a vil\u00e1gi, mind az egyh\u00e1zi k\u00f6r\u00f6kb\u0151l. Sz\u00e9pen gyarapodott az int\u00e9zet t\u0151k\u00e9je. \u00cdgy v\u00e1lt lehet\u0151v\u00e9, hogy 1827 tavasz\u00e1n Pesten, az \u00dcll\u0151i \u00faton b\u00e9relt helyis\u00e9gekben folytat\u00f3dott a Pesti Vakok Int\u00e9zet\u00e9nek \u00e9lete. Ez \u00e9vben sz\u00fcletett meg a Pl\u00e1num, az els\u0151 magyar vak\u00fcgyi dokumentum. 1830-ban Ter\u00e9zv\u00e1rosba k\u00f6lt\u00f6zik az int\u00e9zet, egy nagyobb b\u00e9rlem\u00e9nyre van m\u00e1r sz\u00fcks\u00e9g. Beitl igazgat\u00f3 t\u00e1rsa Hertelendy G\u00e1bor, kiv\u00e1l\u00f3an k\u00e9pzett vak tan\u00e1r. A tanul\u00f3i l\u00e9tsz\u00e1m is emelkedik, m\u00e1r t\u00f6bb mint 10 a n\u00f6vend\u00e9kek l\u00e9tsz\u00e1ma. Sz\u00fcks\u00e9gess\u00e9 v\u00e1lt egy saj\u00e1t \u00e9p\u00fclet, melyet 1835-ben siker\u00fclt is megv\u00e1s\u00e1rolni.<\/p>\n<p>Nem sok\u00e1ig tartott az \u00f6r\u00f6m, mert a f\u00f6ldszintes v\u00e1lyogh\u00e1zat az 1838-as nagy pesti \u00e1rv\u00edz percek alatt, mindenest\u0151l elmosta. Ekkor m\u00e1r Dolezs\u00e1lek Antal az igazgat\u00f3, a tanul\u00f3k sz\u00e1ma 21, \u00e9s a tantest\u00fclet is jelent\u0151sen b\u0151v\u00fclt. N\u00e9gy \u00e9ven \u00e1t a budai Horv\u00e1th-kertben kaptak \u00e1tmeneti elhelyez\u00e9st, m\u00edg v\u00e9g\u00fcl \u2013 megint csak f\u0151k\u00e9nt a N\u00e1dornak k\u00f6sz\u00f6nhet\u0151en -, nagy, \u00fcnnep\u00e9lyes keretek k\u00f6z\u00f6tt, 1842. okt\u00f3ber 3-\u00e1n, az \u00f6sszeomlott \u00e9p\u00fclet hely\u00e9n fel\u00e9p\u00fclt korszer\u0171 \u00e9p\u00fcletben tal\u00e1lt otthonra az int\u00e9zet.<\/p>\n<p>1873 fontos d\u00e1tum, mert az eddig f\u0151leg alap\u00edtv\u00e1nyokb\u00f3l, adom\u00e1nyokb\u00f3l m\u0171k\u00f6d\u0151 int\u00e9zetet \u00e1llamos\u00edtott\u00e1k. L\u00e1tv\u00e1nyosan n\u0151tt a n\u00f6vend\u00e9kek \u00e9s a tantest\u00fclet l\u00e9tsz\u00e1ma. Tan\u00fcgyi dokumentumok, h\u00e1zi rend, taneszk\u00f6z\u00f6k k\u00e9sz\u00fclnek. Bevezetik a Braille-\u00edr\u00e1st. K\u00fcl\u00f6nf\u00e9le k\u00e9pz\u00e9si ter\u00fcletek indulna be (ipari, zenei). Orgona \u00e9p\u00fcl. Nyomdag\u00e9p gy\u00e1rtja a tank\u00f6nyveket.<\/p>\n<div id=\"attachment_315\" style=\"width: 230px\" class=\"wp-caption alignleft\"><a href=\"https:\/\/www.vakisk.hu\/wp-content\/uploads\/2017\/12\/T\u00f6rt\u00e9net_\u00c9p\u00fclet1.jpg\"><img decoding=\"async\" aria-describedby=\"caption-attachment-315\" class=\"wp-image-315 \" src=\"https:\/\/www.vakisk.hu\/wp-content\/uploads\/2017\/12\/T\u00f6rt\u00e9net_\u00c9p\u00fclet1.jpg\" alt=\"Az iskola \u00e9p\u00fclete.\" width=\"220\" height=\"169\" srcset=\"https:\/\/www.vakisk.hu\/wp-content\/uploads\/2017\/12\/T\u00f6rt\u00e9net_\u00c9p\u00fclet1.jpg 240w, https:\/\/www.vakisk.hu\/wp-content\/uploads\/2017\/12\/T\u00f6rt\u00e9net_\u00c9p\u00fclet1-195x150.jpg 195w, https:\/\/www.vakisk.hu\/wp-content\/uploads\/2017\/12\/T\u00f6rt\u00e9net_\u00c9p\u00fclet1-150x116.jpg 150w\" sizes=\"(max-width: 220px) 100vw, 220px\" \/><\/a><p id=\"caption-attachment-315\" class=\"wp-caption-text\">Az iskola \u00e9p\u00fclete.<\/p><\/div>\n<p>Megjelenik dr. Mih\u00e1lyik Szidor igazgat\u00f3 korszakos m\u0171ve \u201eA vakokr\u00f3l\u201d c\u00edmmel. Irgalmas n\u0151v\u00e9rek seg\u00edtik a h\u00e1z m\u0171k\u00f6d\u00e9s\u00e9t. 1892-ben az el\u0151rel\u00e1t\u00f3, nagy m\u0171velts\u00e9g\u0171 Mih\u00e1lyik megv\u00e1s\u00e1rolja a v\u00e1ros sz\u00e9l\u00e9n l\u00e9v\u0151 csendes, Fischoff-f\u00e9le telket, melynek egy kis r\u00e9sz\u00e9n ter\u00fcl el a mai vakok iskol\u00e1ja. 1901. j\u00falius 31-\u00e9n kezd\u0151d\u00f6tt az \u00e1tk\u00f6lt\u00f6z\u00e9s a Kir\u00e1ly utcai, k\u00e9t emeletes, klasszicista st\u00edlusban \u00e9p\u00fclt h\u00e1zb\u00f3l, melyet lebontottak. Hely\u00e9n ma, a Zeneakad\u00e9mia pomp\u00e1s \u00e9p\u00fclete \u00e1ll.<\/p>\n<div id=\"attachment_316\" style=\"width: 230px\" class=\"wp-caption alignleft\"><a href=\"https:\/\/www.vakisk.hu\/wp-content\/uploads\/2017\/12\/T\u00f6rt\u00e9net_\u00c9p\u00fclet2.jpg\"><img decoding=\"async\" aria-describedby=\"caption-attachment-316\" class=\"wp-image-316 \" src=\"https:\/\/www.vakisk.hu\/wp-content\/uploads\/2017\/12\/T\u00f6rt\u00e9net_\u00c9p\u00fclet2.jpg\" alt=\"Az iskola \u00e9p\u00fclete.\" width=\"220\" height=\"138\" srcset=\"https:\/\/www.vakisk.hu\/wp-content\/uploads\/2017\/12\/T\u00f6rt\u00e9net_\u00c9p\u00fclet2.jpg 240w, https:\/\/www.vakisk.hu\/wp-content\/uploads\/2017\/12\/T\u00f6rt\u00e9net_\u00c9p\u00fclet2-150x94.jpg 150w\" sizes=\"(max-width: 220px) 100vw, 220px\" \/><\/a><p id=\"caption-attachment-316\" class=\"wp-caption-text\">Az iskola \u00e9p\u00fclete.<\/p><\/div>\n<p>A Hung\u00e1ria \u00fat \u00e9s Istv\u00e1n \u00fat sark\u00e1n (ma Ajt\u00f3si D\u00fcrer sor 39.)\u00a0 \u00e1ll\u00f3, magyaros szecesszi\u00f3s st\u00edlben \u00e9p\u00fclt palot\u00e1t Baumgarten S\u00e1ndor \u00e9s Herczeg Zsolt, a kor jeles m\u0171\u00e9p\u00edt\u00e9szei tervezt\u00e9k. A k\u00f6lt\u00f6zk\u00f6d\u00e9st Piv\u00e1r Ign\u00e1c igazgat\u00f3, kegyesrendi \u00e1ldoz\u00e1r \u00e9s helyettese, majdan ut\u00f3dja, Herodek K\u00e1roly vez\u00e9nyelte le, ami \u00f3ri\u00e1si feladat volt \u2013 a n\u00f6vend\u00e9kek r\u00e9sz\u00e9r\u0151l is!<\/p>\n<div id=\"attachment_317\" style=\"width: 231px\" class=\"wp-caption alignleft\"><a href=\"https:\/\/www.vakisk.hu\/wp-content\/uploads\/2017\/12\/T\u00f6rt\u00e9net_\u00c9p\u00fclet3.jpg\"><img loading=\"lazy\" decoding=\"async\" aria-describedby=\"caption-attachment-317\" class=\"wp-image-317 \" src=\"https:\/\/www.vakisk.hu\/wp-content\/uploads\/2017\/12\/T\u00f6rt\u00e9net_\u00c9p\u00fclet3.jpg\" alt=\"Az iskola szert\u00e1ra.\" width=\"221\" height=\"172\" srcset=\"https:\/\/www.vakisk.hu\/wp-content\/uploads\/2017\/12\/T\u00f6rt\u00e9net_\u00c9p\u00fclet3.jpg 240w, https:\/\/www.vakisk.hu\/wp-content\/uploads\/2017\/12\/T\u00f6rt\u00e9net_\u00c9p\u00fclet3-193x150.jpg 193w, https:\/\/www.vakisk.hu\/wp-content\/uploads\/2017\/12\/T\u00f6rt\u00e9net_\u00c9p\u00fclet3-150x117.jpg 150w\" sizes=\"(max-width: 221px) 100vw, 221px\" \/><\/a><p id=\"caption-attachment-317\" class=\"wp-caption-text\">Az iskola szert\u00e1ra.<\/p><\/div>\n<p>1901-t\u0151l napjainkig, szinte hihetetlen fejl\u0151d\u00e9s, \u00e1talakul\u00e1s t\u00f6rt\u00e9nt a H\u00e1z falai k\u00f6zt. Herodek igazgat\u00e1sa alatt \u00faj tantervek k\u00e9sz\u00fcltek, k\u00f6nyvt\u00e1r, orsz\u00e1gos k\u00f6lcs\u00f6nk\u00f6nyvt\u00e1r, szert\u00e1rak, m\u00fazeum l\u00e9tes\u00fclt. \u00c9nekkar, sportk\u00f6r alakul, m\u00e9g eszperant\u00f3 nyelvet is oktatnak. B\u0151v\u00fcl az ipari \u00e9s a zenei k\u00e9pz\u00e9s ter\u00fclete is. Herodek k\u00fclf\u00f6ldi int\u00e9zeteket l\u00e1togat sorba, hogy az ott szerzett tapasztalatokat az itthoni munk\u00e1juk sor\u00e1n kamatoztathass\u00e1k. Ezekben az \u00e9vekben indul el a vak \u00e9rtelmi fogyat\u00e9kosok tagozata. Az 1928\/29- es tan\u00e9vt\u0151l a gyeng\u00e9nl\u00e1t\u00f3k oktat\u00e1sa is megkezd\u0151dik. Szint\u00e9n ekkor indul el az \u00f3vod\u00e1sok k\u00e9pz\u00e9se, foglalkoztat\u00e1sa egy k\u00fcl\u00f6n e c\u00e9lb\u00f3l \u00e9p\u00fclt \u00e9p\u00fcletben. Sorra jelennek meg sz\u00ednvonalas szakmai dolgozatok, a f\u0151iskolai tan\u00e1rk\u00e9pz\u00e9sben komoly tekint\u00e9lyt v\u00edv ki az int\u00e9zet tantest\u00fclete. \u00c9l\u00e9nk kapcsolatok alakultak ki az eur\u00f3pai, de a tengerent\u00fali int\u00e9zm\u00e9nyekkel is.<\/p>\n<div id=\"attachment_314\" style=\"width: 230px\" class=\"wp-caption alignleft\"><a href=\"https:\/\/www.vakisk.hu\/wp-content\/uploads\/2017\/12\/T\u00f6rt\u00e9net_M\u00e9hesJ\u00f3zsef.jpg\"><img loading=\"lazy\" decoding=\"async\" aria-describedby=\"caption-attachment-314\" class=\"wp-image-314 \" src=\"https:\/\/www.vakisk.hu\/wp-content\/uploads\/2017\/12\/T\u00f6rt\u00e9net_M\u00e9hesJ\u00f3zsef.jpg\" alt=\"dr. M\u00e9hes J\u00f3zsef igazgat\u00f3 (1950-1985) f\u00e9nyk\u00e9pe.\" width=\"220\" height=\"303\" srcset=\"https:\/\/www.vakisk.hu\/wp-content\/uploads\/2017\/12\/T\u00f6rt\u00e9net_M\u00e9hesJ\u00f3zsef.jpg 174w, https:\/\/www.vakisk.hu\/wp-content\/uploads\/2017\/12\/T\u00f6rt\u00e9net_M\u00e9hesJ\u00f3zsef-109x150.jpg 109w\" sizes=\"(max-width: 220px) 100vw, 220px\" \/><\/a><p id=\"caption-attachment-314\" class=\"wp-caption-text\">dr. M\u00e9hes J\u00f3zsef igazgat\u00f3 (1950-1985).<\/p><\/div>\n<p>Hasonl\u00f3an nagy \u00edv\u0171 szakmai fellend\u00fcl\u00e9s dr. M\u00e9hes J\u00f3zsef igazgat\u00e1sa alatt t\u00f6rt\u00e9nik. 1962-ben megjelenik az <em>Ophthalmodefektol\u00f3gia<\/em>, 1990-ben a <em>Tiflopedag\u00f3gia<\/em> c\u00edm\u0171 tudom\u00e1nyos m\u0171. A felgyorsult vil\u00e1g \u00faj kih\u00edv\u00e1sok el\u00e9 \u00e1ll\u00edtj\u00e1k iskol\u00e1nkat, melyeknek Helesfai Katalin igazgat\u00e1sa alatt sikeresen megfelelt\u00fcnk. Felsorolni is neh\u00e9z, mi minden t\u00f6rt\u00e9nt 20 \u00e9vig tart\u00f3 vezet\u00e9se alatt! Sok-sok \u00e9vig tartott az \u00e9p\u00fclet k\u00fcls\u0151-bels\u0151 fel\u00faj\u00edt\u00e1sa, \u00e1t\u00e9p\u00edt\u00e9se, moderniz\u00e1l\u00e1sa. Liftet szereltek be. K\u00e9tmedenc\u00e9s uszoda \u00e9p\u00fclt. Teljesen meg\u00fajult az \u00f3voda is. \u00c1llami gondozott tanul\u00f3ink sz\u00e1m\u00e1ra gazdagon felszerelt gyermekotthon m\u0171k\u00f6dik. Jelent\u0151s v\u00e1ltoz\u00e1sok t\u00f6rt\u00e9ntek a pedag\u00f3giai munk\u00e1ban. Ki\u00e9p\u00fclt a halmozottan s\u00e9r\u00fcltek tagozata. 1993-t\u00f3l \u00fajra fogadunk siketvak n\u00f6vend\u00e9keket. Egy \u00e9v m\u00falva az utaz\u00f3tan\u00e1ri h\u00e1l\u00f3zat is elkezdi munk\u00e1j\u00e1t, az integr\u00e1ci\u00f3ban tanul\u00f3 vak gyermekeket \u00e9s tan\u00e1raikat seg\u00edtik szakmai tud\u00e1sukkal. E szervezet 2003-t\u00f3l, kib\u0151v\u00fclt feladatk\u00f6rrel M\u00f3dszertani K\u00f6zpontt\u00e1 fejl\u0151d\u00f6tt ki. 1987-t\u0151l, k\u00fcl\u00f6nf\u00e9le tagozatokon, a szakiskolai k\u00e9pz\u00e9s is megkezd\u0151d\u00f6tt.<\/p>\n<p>Vak tanul\u00f3inkat seg\u00edti az 1987-ben l\u00e9tre j\u00f6tt \u201eSz\u00f3l a sz\u00edv\u2026\u201d Alap\u00edtv\u00e1ny. Az igazgat\u00f3n\u0151 munk\u00e1j\u00e1t \u2013 t\u00f6bbek k\u00f6z\u00f6tt \u2013 Pro Urbe kit\u00fcntet\u00e9ssel ismerte el a f\u0151v\u00e1ros. Az \u0150 lelkes munk\u00e1j\u00e1t folytatta D\u00e9rczyn\u00e9 Somogyi Veronika.<\/p>\n<p>A 2011\/12. tan\u00e9vt\u0151l Somorjai \u00c1gnes \u00e1ll az int\u00e9zet \u00e9l\u00e9n.<\/p>\n<h2>Az Int\u00e9zet eddigi Igazgat\u00f3i<\/h2>\n<ul>\n<li>Beitl Rafael 1825-1833<\/li>\n<li>Dolezs\u00e1lek Antal 1833-1845<\/li>\n<li>Halv\u00e1nyi Ev. J\u00e1nos 1845-1865<\/li>\n<li>Dr. Mih\u00e1lyik Szidor 1865-1895<\/li>\n<li>csob\u00e1nkai Piv\u00e1r Ign\u00e1c 1895-1905<\/li>\n<li>Herodek K\u00e1roly 1905-1933<\/li>\n<li>Vollmann \/Vet\u0151\/ J\u00e1nos 1933-1939<\/li>\n<li>Schnitzl Guszt\u00e1v 1939-1945<\/li>\n<li>Vajda Lajos 1945-1950<\/li>\n<li>Dr. M\u00e9hes J\u00f3zsef 1950-1985<\/li>\n<li>Jank\u00f3 Brezovay P\u00e1ln\u00e9, Ord\u00f3dy Judit 1985-1986<\/li>\n<li>Helesfai Katalin 1986-2006<\/li>\n<li>D\u00e9rczyn\u00e9 Somogyi Veronika 2006-2011<\/li>\n<li>Somorjai \u00c1gnes 2011-<\/li>\n<\/ul>\n\n\n<h2 class=\"wp-block-heading\">Arch\u00edv k\u00e9pek iskol\u00e1nk \u00e9let\u00e9b\u0151l<\/h2>\n\n\n\n<script src=\"https:\/\/www.publicalbum.org\/js\/pa-embed-player.min.js\" async=\"\"><\/script>\n<div class=\"pa-embed-player\" style=\"width:100%; height:480px; display:none;\" data-link=\"https:\/\/photos.app.goo.gl\/jEEe3j5r3HGr2JcS9\" data-title=\"Arch\u00edv k\u00e9pek iskol\u00e1nk \u00e9let\u00e9b\u0151l\" data-descrition=\"47 new photos \u00b7 Album by Vakok Iskol\u00e1ja\">\n  <!-- 47 images -->\n  <img decoding=\"async\" data-src=\"https:\/\/lh3.googleusercontent.com\/VycuVZuWsUJRikG3tKiUQ6_LxkqwjHH7nCSq38youggXyndd1QoCTMRFx-iai0XqST7WArQcUhQjyq0XIooEc7NzxHYzBEtZsfZoYeb6fMOU0OBhFuyn8ANpCCNSdVYLe9qq5oRBGQ=w1920-h1080\" src=\"\" alt=\"\"\/>\n  <img decoding=\"async\" data-src=\"https:\/\/lh3.googleusercontent.com\/GvHleWKvv8__nyFUZUnVBhuHvCufTfkYOl2-TEdrMeDlsY3ARusNKdrn_UkTBs_rEtAvRs5h58GSpX1iMmlEJuZBHKTDuBHWYaBNsiy8mivLPPCqc9qUzLZDQdcC4g7f_8OTd-y3QQ=w1920-h1080\" src=\"\" alt=\"\"\/>\n  <img decoding=\"async\" data-src=\"https:\/\/lh3.googleusercontent.com\/03JD73S3kVhlsyarZmpcJfSpt371oraVjwsB5OMfStVczTUp80MaDBeI-yS245Sgr_ALjBIGvphk77d4VD50y7utMmZCTOv-Mu0UcOjA789lRkc64cOB0IXu1V-KDRyYyEHZUAEztQ=w1920-h1080\" src=\"\" alt=\"\"\/>\n  <img decoding=\"async\" data-src=\"https:\/\/lh3.googleusercontent.com\/DiDHODqaWfSZ1WoPkTBftPM1BRPvw6hZivasxqQFrj8VizEhQ9meTmUs0j6HNLkWSKDZgaB8zvobm6kK5JLZRQIfESvQKF2FrCHGqHuhJDGs0iz0dTIxsAxCaV1tqtOrse-ebOX6IA=w1920-h1080\" src=\"\" alt=\"\"\/>\n  <img decoding=\"async\" data-src=\"https:\/\/lh3.googleusercontent.com\/l0l1MJ4HOWoroY_yhTGoV_TTUVPPC475CEMYiIDU4tXawWr-UUERVoTG9xXRKx3Y68XDccwkQ0kXUByz1G5w2G35eWPFXqaNT_R0t50eWhOqClIvamTCviavldln1Zv_hk2rihUuzw=w1920-h1080\" src=\"\" alt=\"\"\/>\n  <img decoding=\"async\" data-src=\"https:\/\/lh3.googleusercontent.com\/mRvG6Ls1jQXD469xm_sS4xzxP_qqPKErpADs9KqmDH0Q9xmJWyzhzFZ84SrfeJG6Wnfy290OQ_VkY_Aszv-4r3TfAZQtoqmKSUeOQLZx0ZPWTTg61QiCiqAyn5DjPSZHJXOWNuBZ9Q=w1920-h1080\" src=\"\" alt=\"\"\/>\n  <img decoding=\"async\" data-src=\"https:\/\/lh3.googleusercontent.com\/ADB-MbF6gSHzpWse3CSIgcPmFYc2WEhi-9U1HF13yS2jTwm7hMqn8Ai559f9FvJWdpKdoQpAhHNP2lFWw0DpNkVDkrQSHVZfnD-V8Bjar50QW1v4up3jXpkAwvKDJKgU3w2qhHQy1g=w1920-h1080\" src=\"\" alt=\"\"\/>\n  <img decoding=\"async\" data-src=\"https:\/\/lh3.googleusercontent.com\/5aaYL77sLuk9b_a2zgXZ-cdTTl9pXQoDCT9lAX8sGvvxX0DlHWNYo9T8saF8jF1rFyB-xtQAnuWNN-sxAh0AiiB0tfMgLR-md3lGHrEHJ9aoderU6FZ7ybr-BK1oaZZWjnss_1xenw=w1920-h1080\" src=\"\" alt=\"\"\/>\n  <img decoding=\"async\" data-src=\"https:\/\/lh3.googleusercontent.com\/9d38IdUE4Q_PGbgDWQZEZyvpYi-D9kxoSTU_ZM8Uzh1X-ql3F793CzH3wkyBwgJHYDiqloUvf9rbeNQ9YtoYMgLonDZ25YHjIoS7O6IBVl-ict1cYzL7lwovpndh-WibCvmAwtbhHw=w1920-h1080\" src=\"\" alt=\"\"\/>\n  <img decoding=\"async\" data-src=\"https:\/\/lh3.googleusercontent.com\/nLmlyzK3BKSfg38MEXtOwbtPsKa8_OPSnP2ei70WGa_vF-W739am30WVG_ZjhjFFAm-Tzv4RHTKUe-SRf9_5tgTXMCuD-jwPIEA5NbTiYNXtSZTf8j8UOxb_uLl7HkdpbZIyfKhqfQ=w1920-h1080\" src=\"\" alt=\"\"\/>\n  <img decoding=\"async\" data-src=\"https:\/\/lh3.googleusercontent.com\/GgVn9ZCS3oM1tH0w_kgGZnzkQeONF4lTZp1QPj88ScowATrRe6AU-FtZsyBrOjsR8K03tq_CBeprg9zFt8HikJF29AvtivycwOB8j2Lt6VMOaoq6n3zJH9Vt9UhQtPhp3-Zf1p9t_g=w1920-h1080\" src=\"\" alt=\"\"\/>\n  <img decoding=\"async\" data-src=\"https:\/\/lh3.googleusercontent.com\/gCYA38z5RkdVp20m9hr-cwwTtW6N6UnpJXsOrfEpZR-zQPaBhI08SYs4js7u0x-Igcg6tnYytxdHqCAYThnBMTElhdo1YJNigWgT-GhBzQYrqz6W2o-NZv0GbilqSQ5f_P7cp2clHQ=w1920-h1080\" src=\"\" alt=\"\"\/>\n  <img decoding=\"async\" data-src=\"https:\/\/lh3.googleusercontent.com\/NRujKeoD1cDD5Y_7xipROqtCPhoNZM3qXrrOVLTXwhnDHzmNhmIXvRyDIhkgWOEb3CiOguirheeyUPdUmXtOUQ9GQBf-SRmILhBERt3PMxbHS2Uxv_7dRyrgnRnN7bEl8B6ZNP1nUQ=w1920-h1080\" src=\"\" alt=\"\"\/>\n  <img decoding=\"async\" data-src=\"https:\/\/lh3.googleusercontent.com\/uKOrgWx__MdKkvM0ZeJvytOWKabPWDXFVQJ4mjV_Y7vrclOTeL1SHOhEHNOrD2YFMZYQebXq3MsaaKgB5D8uesGVhZFUlHNDGwsIkgaTSnPD6O9Ysiu1A57uAjYJ9oqKksU8B5jhBA=w1920-h1080\" src=\"\" alt=\"\"\/>\n  <img decoding=\"async\" data-src=\"https:\/\/lh3.googleusercontent.com\/cSy5It8yGJBzgLFZ7BvazAvc65cHmxln-VG0DSoir3YFnJoGyXXZAHUBwzIMPm_BnmZ65VP_wwPFrFba-7B0IgzAUtTBnUxr8kocQbMhUFUMMFkItKlWOLs8vumjIQM7Ex07I6AJRQ=w1920-h1080\" src=\"\" alt=\"\"\/>\n  <img decoding=\"async\" data-src=\"https:\/\/lh3.googleusercontent.com\/sq01pKV4tDUqJd3rt_QpGNpwVWBb9Nf8XV4XmeEr4if3jQiVcmy-iHu5EsOj72Zvyc1hoAHzegvdL1gIf3h05a4l6B1fHT-8YAUJSLSPC5FS6zdhdpBcnUGwZ4NKyw9RzCiYKmkKTQ=w1920-h1080\" src=\"\" alt=\"\"\/>\n  <img decoding=\"async\" data-src=\"https:\/\/lh3.googleusercontent.com\/X21ri0tvJqV2oIKIHpnK41YplMAj6GsdhyZDKDNhq2BK2cqky7YHSHpKuu6-y3tLxuvF68H8fw-zv2T2qBa1ire8wjhb4bmdi-txoH4aEWDKRL7vboxcvWsIofFdkHGHOKZunEmX8Q=w1920-h1080\" src=\"\" alt=\"\"\/>\n  <img decoding=\"async\" data-src=\"https:\/\/lh3.googleusercontent.com\/oghMkzlPn8gVsur9SI55ecGUj6NAEmmDQb4rsAnstQaIj3pFcgm2q8pUdzvr9w-qWPH8S_0aNRMyPkeJIO9CNrfBpIGw8L-TykEhRu48IasD0mYbRD4kWGyz0oi7iaQGUJmJhYLOwg=w1920-h1080\" src=\"\" alt=\"\"\/>\n  <img decoding=\"async\" data-src=\"https:\/\/lh3.googleusercontent.com\/vuyBWRlmi3OVnh27ErlhIN4E967llVuefBKAYhE0XzwD1TtvrCoGwjUVn1C9Lo4aw54q_Z7GDZVvdUghwfTi0Hv2gSB0b28kBP0OaPhyNm60CYwTBn321oxmDoxUqLyRd98KnAB_Jw=w1920-h1080\" src=\"\" alt=\"\"\/>\n  <img decoding=\"async\" data-src=\"https:\/\/lh3.googleusercontent.com\/nM0QI4zukOXOpfWcGzrMz83Wb0T-Cbhi6OHM_Ps0lH9C-oTK85WZqOfoW4delj2Iw1YQ0jYSbMJ67q6jHEt_8DwoijUf9gVdj_C4s7tgD3vh-flM0LGY-TRGEwc_KbXxHWx0HG5AQg=w1920-h1080\" src=\"\" alt=\"\"\/>\n  <img decoding=\"async\" data-src=\"https:\/\/lh3.googleusercontent.com\/KXeSh2rSezzwlDJ7ecpXNKTpccNKDTFzXe2g4IW29gB1dp4oRLmUIsEaD8aJoIIokPFHdmzLALuYEGUa6ZYicFc512xCxracRjKjd4mTxS7Hh_k6JZ6cU_IcOajuYCvsiLyEpipj6Q=w1920-h1080\" src=\"\" alt=\"\"\/>\n  <img decoding=\"async\" data-src=\"https:\/\/lh3.googleusercontent.com\/vAFWddHZUljYsl1E61qCVVnhooF4uSxiD9Y_BWGf3vYON9XVUS_nLwhyOfl4mGhBBMlkjXNb5kLUoF5DmI9naqwmJ7nyPumFXe6w_ONK6l2Ouz9lxW43plGoIdbfx293rqD5BTttHA=w1920-h1080\" src=\"\" alt=\"\"\/>\n  <img decoding=\"async\" data-src=\"https:\/\/lh3.googleusercontent.com\/6yT0RBYX4j1PDiufwjFyECHF5eWtk1rlyIVhr1owehHBeUwmZSEc9Li1JrU6ZT8pAPJd9cnRcIjt5LyFL6iW90Z68O1G8tQduMXmcUcp5iwWvK4rkp0twg4HEBu3rqaPbFfgqmu4TQ=w1920-h1080\" src=\"\" alt=\"\"\/>\n  <img decoding=\"async\" data-src=\"https:\/\/lh3.googleusercontent.com\/fOj4fGMmJQk7uHG0azdDK4a2eNzKf_osijFIzuHB4llEFlSiReMNh624n4vmZ0la8GYIgjXIL1jZH_IFazibySMdZdqUqhFX0y6_4-phNFJrKylpJlfixU0EBvO3C-IMEtZByV3FtQ=w1920-h1080\" src=\"\" alt=\"\"\/>\n  <img decoding=\"async\" data-src=\"https:\/\/lh3.googleusercontent.com\/ZBBN9QiOHkC94KcTaUM4VokKT_B39diFhMTZXoMKhaZMNFLL7Jq8VTLIKlHTnJ_jgAPJz6uRnaaEKAvJrLe2wqDM6e4_5q9pEUpjuUtXwOsoRGWJp4CusB6DFvNFfTAcBrDjJUMJJA=w1920-h1080\" src=\"\" alt=\"\"\/>\n  <img decoding=\"async\" data-src=\"https:\/\/lh3.googleusercontent.com\/3Fr5a8Qrrte4Sq_52RU5a1vfKIehvAMtKP-D513skgxrxgOJDMNhOXY8PV6IlyhXMQ4fLSTPETt1BY3lcwJGrRiEZr1D5v1D17JDL2rIbvmhq2j6uO3Igsk8MkLxiuQvnD4Pw7URVQ=w1920-h1080\" src=\"\" alt=\"\"\/>\n  <img decoding=\"async\" data-src=\"https:\/\/lh3.googleusercontent.com\/poa4hZYkDw0AsEGT-OL1ap9gVqroApBW_i1HnsQQ0pDxHV2e7MrHNBrkAe6E0hLrcfz7g54oj80F7vp_0qrq9vLr6Nh03gKDRJ9jXELXWIl6kzoXYyjfGCEETBwpITjkqRqSt6zb3g=w1920-h1080\" src=\"\" alt=\"\"\/>\n  <img decoding=\"async\" data-src=\"https:\/\/lh3.googleusercontent.com\/0WIWbR1Q6zUZV5e7nX6SeSypMcWfjpaQbG1LzUyuscp58Yt010OTA9KoN3DpCC3jdBFIdAeT2iAPEdhOFtv19p8dlWC5Yim1o6QsGL9tdT-nPFf1I0sYbHuA9QIfmYTqjqJ13t_R0g=w1920-h1080\" src=\"\" alt=\"\"\/>\n  <img decoding=\"async\" data-src=\"https:\/\/lh3.googleusercontent.com\/HogtA1mx0gAZ_mtH12QIFrCYt-mOUG5nmSIsFcVt7HSQHq6Js6uoJq8Q7xX8V_8LLAo2dSc_Aa0BD4gVT-bAjgZGss_tCV39qD1QrzYcm75FAQd6_D9nLJppGlA-IeadtM_rRa03lg=w1920-h1080\" src=\"\" alt=\"\"\/>\n  <img decoding=\"async\" data-src=\"https:\/\/lh3.googleusercontent.com\/qgjXNEo0CbCcfBiCoCy0_KLBM1xiK1HtzCbAxSoV_rZ5hGVSypwbj9p2wBHeXtdu7P7eMaufw6INHxEXRGddMY_hO_o9z3SqZvucGj1ag7WmQ2FxO8Pnp_WdfacBiwjE555ZwqqX0Q=w1920-h1080\" src=\"\" alt=\"\"\/>\n  <img decoding=\"async\" data-src=\"https:\/\/lh3.googleusercontent.com\/-11R4QaW08MmRoH_VLLJQsDxPwIiNx9llzCOI13-Eiwt165maWm5ZX9nQPqNXke4hWWcIFiCDPKI-MV9wBRtOaEniHj2175Z69A-O4fMsMoIsLRDGxR8dhyK8kTghAA5fqt4Cf6Rkw=w1920-h1080\" src=\"\" alt=\"\"\/>\n  <img decoding=\"async\" data-src=\"https:\/\/lh3.googleusercontent.com\/F1HjmGy1zViDw_pLOlqV1AX0UIWd6zXAANq1rIYCD5nWhcWUtnuJd7r7ggAQO3fKd3_-jnpby-Fas998cx49DpkJ9163GWUr646D-W353wIhxf7jWhfsjKvrKbaeGIIrB9DphfFQfQ=w1920-h1080\" src=\"\" alt=\"\"\/>\n  <img decoding=\"async\" data-src=\"https:\/\/lh3.googleusercontent.com\/LBcT8MMUPKFbsBqU26h_EqZ0r9L9XGrrPMmKhgKQNXD1wd-7QVH9Sz4SskLP7XKRULMZv0YnqBW7bL7MSI_egasuKjiQgBWyv51Tp89EvMKgzMMLh9itJuJJnCfCiaj-gv3wTaItag=w1920-h1080\" src=\"\" alt=\"\"\/>\n  <img decoding=\"async\" data-src=\"https:\/\/lh3.googleusercontent.com\/4wwhda-LD4U5AySmiLVZkm74RpovbJ6ZI9KqeMrv8-_q_HebvRNQplN04rdQY5prnXstt-KiSWL9EfUkP5jdb4aXSOqpcOPWjfOJNd4hIgvb6dyMLdnFktUh_03EG6QmAaSDFNp7lw=w1920-h1080\" src=\"\" alt=\"\"\/>\n  <img decoding=\"async\" data-src=\"https:\/\/lh3.googleusercontent.com\/gc72MPBBrvZ6x5lTjOh_C4Nfm7544tcNtFM_KIS6yyXUaQWTkxbC93bPfDD2Ham3C5TdyXH-HlMVBerCFbDFD6mdSF2017fdzy48Z4ULGoovg4DRF_RZ61ODfZQD8N1jPJcBc0yRlg=w1920-h1080\" src=\"\" alt=\"\"\/>\n  <img decoding=\"async\" data-src=\"https:\/\/lh3.googleusercontent.com\/FHyQMWB5UbfkMWjQEQVkTHOWCPHXGxjWrt5nWQpueS8WtuKzzzaqPh9OrYqBMWjlVZU1MdUBw2Q3Nemq9FPvHozcOTEZkUDmJxa3Y29EBnaX9XiJZ9BADqiaVuWg3dIVAEbQDW80Tg=w1920-h1080\" src=\"\" alt=\"\"\/>\n  <img decoding=\"async\" data-src=\"https:\/\/lh3.googleusercontent.com\/61tUTo2hTSGJsX-2ZEFTcAHNZDbSoJMdhVz_Qm9xfe1L7DAypTCWsQWYwYuNCMyhPQCtPNM9xGm_JUJ9D-Bhdo2zQclEUrxs4MhxtZVWNu3vr77oKkHcShVz1LAtZkgcVEy29LPD0A=w1920-h1080\" src=\"\" alt=\"\"\/>\n  <img decoding=\"async\" data-src=\"https:\/\/lh3.googleusercontent.com\/fMrtHUjcZTmUmvZxztMlpiMu-y7O4aelIrT3Yj74Oo6170VhLECIuB0J2l82iO7ksNCa40pQ2lCdk-lP0Y15wG3wj6Wv-gInxL17zWPLPoZeeqYnnFN2fLF4bb-r2sjzRQBUmyd7YQ=w1920-h1080\" src=\"\" alt=\"\"\/>\n  <img decoding=\"async\" data-src=\"https:\/\/lh3.googleusercontent.com\/deDymoVUYOv5llvz_lNgaesdoXCvuPLzWv3sJ1ypObiTTrADv7YZcUvTKyYk7Q1OTLY0I3AMSU_NWL4vSGa_7zT2P89CokeXzlsXkQ6c0PDmhBXMgdOXOD9_nvhSRo66ygBuBAPVOg=w1920-h1080\" src=\"\" alt=\"\"\/>\n  <img decoding=\"async\" data-src=\"https:\/\/lh3.googleusercontent.com\/vZwixbedElprgpspilOrqsRepV4UsvoehKITRdw06veAxIrJA9JVTruBcdcg58WjBuAHi2zTz5nDSNhUMRcw62SHHSxYukjjISEV-2NF8wyQ9szW6_oeSgKmYvZLAYqwHBgFbCHlMA=w1920-h1080\" src=\"\" alt=\"\"\/>\n  <img decoding=\"async\" data-src=\"https:\/\/lh3.googleusercontent.com\/vknBRKb55wwYDPPdJxnizIUrcSMnKCbIhlJTnYHtyFg8ZDTZeSc_ZVDvzFS8d4f5TUdvs7lxPn2pgR_8l-UKJlCtjkef4cc422-6KqXMP6YYXzJtrQz_RWSzekcMz6gFAR8g0UtqCQ=w1920-h1080\" src=\"\" alt=\"\"\/>\n  <img decoding=\"async\" data-src=\"https:\/\/lh3.googleusercontent.com\/48HtHKJRpYNW_To4IJePYQNlxAQK_Ji7FWrEIw8oYLmfqW3qyqHxlJpEaCM380fzOsj4c1Jrs1bkMGfUp_SQjFABBJ5fHaQlFtfhOk2AwltZK-6S2Q6hYbv70zCKYFHrwps26gj9tg=w1920-h1080\" src=\"\" alt=\"\"\/>\n  <img decoding=\"async\" data-src=\"https:\/\/lh3.googleusercontent.com\/aAH2xznTYMDFxCrVvWI1XW59SKrz16Gkn3HrNpCa_BVmEShiXIxTsYAgKTtfLbiHo-1xmJDe-3Es_sD8gYJ_Sglrns0dmPdQVSRGHlunOODjTAF4FIfEboQLpf3RysvqqpppFzgZOw=w1920-h1080\" src=\"\" alt=\"\"\/>\n  <img decoding=\"async\" data-src=\"https:\/\/lh3.googleusercontent.com\/t8b3W36FKwMUEP_vbW5X_aadu8YhtyJOcXdDEgZdSQ1kz-PsSZPHOzDCeSHEsasg8h1yoPKh39aVoV0fx8nGMhoVg5-EN4WuV9kkW_fNTc8RXzOo_vF9BL9r6ANZgFo5GPXwKf0kkw=w1920-h1080\" src=\"\" alt=\"\"\/>\n  <img decoding=\"async\" data-src=\"https:\/\/lh3.googleusercontent.com\/MvE_MGa_-f1ob9hb11gQlk6CvnNs06jtOku6YUs5UU-nUXV2g1LyRgZnPT2Ed8y6yRZDHU9wk4n8tQrJWV8-Bm6UUIk87KNfUA6leMtSnBkADhXYo8RupBEUpe2DjUloszvje6wXCw=w1920-h1080\" src=\"\" alt=\"\"\/>\n  <img decoding=\"async\" data-src=\"https:\/\/lh3.googleusercontent.com\/DU50MiCizrPDCJiIJzvHK15pucOURvUv3_u0Dbvr4JHNBfvfJmxZLwPVA6Zqz4SrOIAuVQC29t8vanfVy9l88PKlBL4ici14FdqFkn90cK93F0WIzaCfKckQRRo52GuUJojFdGJoHg=w1920-h1080\" src=\"\" alt=\"\"\/>\n  <img decoding=\"async\" data-src=\"https:\/\/lh3.googleusercontent.com\/wtd1TFpx1fbv1a2ejrdE_jftsOxAQXr1kTpLLFBxklg5ouyH3y7v4EcaFvA330q21AjSxdqW92xyg7a3vBSYAJYJDZZjHyU4YrFGsPr7C7BN01njsiJtyOj_-02B_gFwIFkf3CvV0g=w1920-h1080\" src=\"\" alt=\"\"\/><\/div>\n","protected":false},"excerpt":{"rendered":"<p> <a class=\"continue-reading-link\" href=\"https:\/\/www.vakisk.hu\/?page_id=51\">Tov\u00e1bb <span class=\"meta-nav\">&rarr; <\/span><\/a><\/p>\n","protected":false},"author":1,"featured_media":0,"parent":0,"menu_order":0,"comment_status":"closed","ping_status":"closed","template":"","meta":{"footnotes":""},"class_list":["post-51","page","type-page","status-publish","hentry"],"_links":{"self":[{"href":"https:\/\/www.vakisk.hu\/index.php?rest_route=\/wp\/v2\/pages\/51","targetHints":{"allow":["GET"]}}],"collection":[{"href":"https:\/\/www.vakisk.hu\/index.php?rest_route=\/wp\/v2\/pages"}],"about":[{"href":"https:\/\/www.vakisk.hu\/index.php?rest_route=\/wp\/v2\/types\/page"}],"author":[{"embeddable":true,"href":"https:\/\/www.vakisk.hu\/index.php?rest_route=\/wp\/v2\/users\/1"}],"replies":[{"embeddable":true,"href":"https:\/\/www.vakisk.hu\/index.php?rest_route=%2Fwp%2Fv2%2Fcomments&post=51"}],"version-history":[{"count":0,"href":"https:\/\/www.vakisk.hu\/index.php?rest_route=\/wp\/v2\/pages\/51\/revisions"}],"wp:attachment":[{"href":"https:\/\/www.vakisk.hu\/index.php?rest_route=%2Fwp%2Fv2%2Fmedia&parent=51"}],"curies":[{"name":"wp","href":"https:\/\/api.w.org\/{rel}","templated":true}]}}